Last updated on 2022-06-25 20:50:27 CEST.
Flavor | Version | Tinstall | Tcheck | Ttotal | Status | Flags |
---|---|---|---|---|---|---|
r-devel-linux-x86_64-debian-clang | 1.4.4 | 164.22 | 65.48 | 229.70 | OK | |
r-devel-linux-x86_64-debian-gcc | 1.4.4 | 124.98 | 50.42 | 175.40 | OK | |
r-devel-linux-x86_64-fedora-clang | 1.4.4 | 371.21 | OK | |||
r-devel-linux-x86_64-fedora-gcc | 1.4.4 | 314.73 | OK | |||
r-devel-windows-x86_64 | 1.4.4 | 1705.00 | 372.00 | 2077.00 | OK | |
r-patched-linux-x86_64 | 1.4.4 | 138.50 | 63.40 | 201.90 | OK | |
r-release-linux-x86_64 | 1.4.4 | 127.75 | 63.90 | 191.65 | OK | |
r-release-macos-arm64 | 1.4.4 | 91.00 | NOTE | |||
r-release-macos-x86_64 | 1.4.4 | 132.00 | NOTE | |||
r-release-windows-x86_64 | 1.4.4 | 1413.00 | 359.00 | 1772.00 | OK | |
r-oldrel-macos-arm64 | 1.4.4 | 90.00 | NOTE | |||
r-oldrel-macos-x86_64 | 1.4.4 | 110.00 | NOTE | |||
r-oldrel-windows-ix86+x86_64 | 1.4.4 | 790.00 | 201.00 | 991.00 | NOTE |
Version: 1.4.4
Check: installed package size
Result: NOTE
installed size is 7.2Mb
sub-directories of 1Mb or more:
libs 6.7Mb
Flavors: r-release-macos-arm64, r-release-macos-x86_64, r-oldrel-macos-arm64, r-oldrel-macos-x86_64, r-oldrel-windows-ix86+x86_64