CRAN Package Check Results for Package RPostgres

Last updated on 2021-10-19 21:51:58 CEST.

Flavor Version Tinstall Tcheck Ttotal Status Flags
r-devel-linux-x86_64-debian-clang 1.4.1 162.68 53.90 216.58 OK
r-devel-linux-x86_64-debian-gcc 1.4.1 99.81 42.06 141.87 OK
r-devel-linux-x86_64-fedora-clang 1.4.1 336.96 OK
r-devel-linux-x86_64-fedora-gcc 1.4.1 272.56 OK
r-devel-windows-x86_64 1.4.1 399.00 136.00 535.00 OK
r-devel-windows-x86_64-gcc10-UCRT 1.4.1 OK
r-patched-linux-x86_64 1.4.1 124.21 51.61 175.82 OK
r-patched-solaris-x86 1.4.1 248.00 OK
r-release-linux-x86_64 1.4.1 132.55 51.80 184.35 OK
r-release-macos-arm64 1.4.1 NOTE
r-release-macos-x86_64 1.4.1 NOTE
r-release-windows-ix86+x86_64 1.4.1 545.00 182.00 727.00 NOTE
r-oldrel-macos-x86_64 1.4.1 NOTE
r-oldrel-windows-ix86+x86_64 1.4.1 761.00 194.00 955.00 NOTE

Check Details

Version: 1.4.1
Check: installed package size
Result: NOTE
     installed size is 7.7Mb
     sub-directories of 1Mb or more:
     libs 7.2Mb
Flavors: r-release-macos-arm64, r-release-macos-x86_64, r-release-windows-ix86+x86_64, r-oldrel-macos-x86_64, r-oldrel-windows-ix86+x86_64