Last updated on 2023-05-28 07:57:40 CEST.
Flavor | Version | Tinstall | Tcheck | Ttotal | Status | Flags |
---|---|---|---|---|---|---|
r-devel-linux-x86_64-debian-clang | 1.4.5 | 188.50 | 65.55 | 254.05 | OK | |
r-devel-linux-x86_64-debian-gcc | 1.4.5 | 137.71 | 50.86 | 188.57 | WARN | |
r-devel-linux-x86_64-fedora-clang | 1.4.5 | 384.43 | OK | |||
r-devel-linux-x86_64-fedora-gcc | 1.4.5 | 382.50 | OK | |||
r-devel-windows-x86_64 | 1.4.5 | 292.00 | 307.00 | 599.00 | WARN | |
r-patched-linux-x86_64 | 1.4.5 | 156.19 | 63.19 | 219.38 | OK | |
r-release-linux-x86_64 | 1.4.5 | 149.48 | 62.99 | 212.47 | OK | |
r-release-macos-arm64 | 1.4.5 | 98.00 | NOTE | |||
r-release-macos-x86_64 | 1.4.5 | 171.00 | NOTE | |||
r-release-windows-x86_64 | 1.4.5 | 365.00 | 331.00 | 696.00 | WARN | |
r-oldrel-macos-arm64 | 1.4.5 | 84.00 | NOTE | |||
r-oldrel-macos-x86_64 | 1.4.5 | 120.00 | NOTE | |||
r-oldrel-windows-x86_64 | 1.4.5 | 325.00 | 310.00 | 635.00 | OK |
Version: 1.4.5
Check: whether package can be installed
Result: WARN
Found the following significant warnings:
vendor/boost/intrusive/detail/slist_node.hpp:56:16: warning: pointer used after ‘void operator delete(void*, std::size_t)’ [-Wuse-after-free]
vendor/boost/intrusive/detail/hook_traits.hpp:77:10: warning: pointer used after ‘void operator delete(void*, std::size_t)’ [-Wuse-after-free]
See ‘/home/hornik/tmp/R.check/r-devel-gcc/Work/PKGS/RPostgres.Rcheck/00install.out’ for details.
* used C compiler: ‘gcc-12 (Debian 12.2.0-14) 12.2.0’
* used C++ compiler: ‘g++-12 (Debian 12.2.0-14) 12.2.0’
Flavor: r-devel-linux-x86_64-debian-gcc
Version: 1.4.5
Check: whether package can be installed
Result: WARN
Found the following significant warnings:
vendor/boost/intrusive/detail/slist_node.hpp:56:16: warning: pointer used after 'void operator delete(void*, std::size_t)' [-Wuse-after-free]
vendor/boost/intrusive/detail/hook_traits.hpp:77:10: warning: pointer used after 'void operator delete(void*, std::size_t)' [-Wuse-after-free]
See 'd:/Rcompile/CRANpkg/local/4.4/RPostgres.Rcheck/00install.out' for details.
* used C compiler: 'gcc.exe (GCC) 12.2.0'
* used C++ compiler: 'g++.exe (GCC) 12.2.0'
Flavor: r-devel-windows-x86_64
Version: 1.4.5
Check: installed package size
Result: NOTE
installed size is 7.2Mb
sub-directories of 1Mb or more:
libs 6.7Mb
Flavors: r-release-macos-arm64, r-release-macos-x86_64, r-oldrel-macos-arm64, r-oldrel-macos-x86_64
Version: 1.4.5
Check: whether package can be installed
Result: WARN
Found the following significant warnings:
vendor/boost/intrusive/detail/slist_node.hpp:56:16: warning: pointer used after 'void operator delete(void*, std::size_t)' [-Wuse-after-free]
vendor/boost/intrusive/detail/hook_traits.hpp:77:10: warning: pointer used after 'void operator delete(void*, std::size_t)' [-Wuse-after-free]
See 'd:/Rcompile/CRANpkg/local/4.3/RPostgres.Rcheck/00install.out' for details.
* used C compiler: 'gcc.exe (GCC) 12.2.0'
* used C++ compiler: 'g++.exe (GCC) 12.2.0'
Flavor: r-release-windows-x86_64