CRAN Package Check Results for Package RPostgres

Last updated on 2020-10-21 14:47:09 CEST.

Flavor Version Tinstall Tcheck Ttotal Status Flags
r-devel-linux-x86_64-debian-clang 1.2.1 176.28 43.62 219.90 OK
r-devel-linux-x86_64-debian-gcc 1.2.1 115.53 33.72 149.25 OK
r-devel-linux-x86_64-fedora-clang 1.2.1 310.83 OK
r-devel-linux-x86_64-fedora-gcc 1.2.1 263.99 OK
r-devel-windows-ix86+x86_64 1.2.1 714.00 128.00 842.00 NOTE
r-patched-linux-x86_64 1.2.1 139.49 41.26 180.75 OK
r-release-linux-x86_64 1.2.1 143.28 41.18 184.46 OK
r-release-macos-x86_64 1.2.1 NOTE
r-release-windows-ix86+x86_64 1.2.1 547.00 121.00 668.00 NOTE
r-oldrel-macos-x86_64 1.2.1 NOTE
r-oldrel-windows-ix86+x86_64 1.2.1 687.00 124.00 811.00 NOTE

Check Details

Version: 1.2.1
Check: installed package size
Result: NOTE
     installed size is 8.7Mb
     sub-directories of 1Mb or more:
     libs 8.3Mb
Flavors: r-devel-windows-ix86+x86_64, r-release-macos-x86_64, r-release-windows-ix86+x86_64, r-oldrel-macos-x86_64, r-oldrel-windows-ix86+x86_64