Last updated on 2023-02-06 09:55:56 CET.
Flavor | Version | Tinstall | Tcheck | Ttotal | Status | Flags |
---|---|---|---|---|---|---|
r-devel-linux-x86_64-debian-clang | 1.4.5 | 196.26 | 66.13 | 262.39 | OK | |
r-devel-linux-x86_64-debian-gcc | 1.4.5 | 138.78 | 49.53 | 188.31 | OK | |
r-devel-linux-x86_64-fedora-clang | 1.4.5 | 369.78 | OK | |||
r-devel-linux-x86_64-fedora-gcc | 1.4.5 | 317.19 | OK | |||
r-devel-windows-x86_64 | 1.4.5 | 632.00 | 371.00 | 1003.00 | OK | |
r-patched-linux-x86_64 | 1.4.5 | 143.12 | 61.35 | 204.47 | OK | |
r-release-linux-x86_64 | 1.4.5 | 140.07 | 63.30 | 203.37 | OK | |
r-release-macos-arm64 | 1.4.5 | 84.00 | NOTE | |||
r-release-macos-x86_64 | 1.4.5 | 120.00 | NOTE | |||
r-release-windows-x86_64 | 1.4.5 | 1146.00 | 368.00 | 1514.00 | OK | |
r-oldrel-macos-arm64 | 1.4.5 | 87.00 | NOTE | |||
r-oldrel-macos-x86_64 | 1.4.5 | 111.00 | NOTE | |||
r-oldrel-windows-ix86+x86_64 | 1.4.5 | 773.00 | 208.00 | 981.00 | NOTE |
Version: 1.4.5
Check: installed package size
Result: NOTE
installed size is 7.2Mb
sub-directories of 1Mb or more:
libs 6.7Mb
Flavors: r-release-macos-arm64, r-release-macos-x86_64, r-oldrel-macos-arm64, r-oldrel-macos-x86_64, r-oldrel-windows-ix86+x86_64