Last updated on 2022-08-12 16:51:02 CEST.
Flavor | Version | Tinstall | Tcheck | Ttotal | Status | Flags |
---|---|---|---|---|---|---|
r-devel-linux-x86_64-debian-clang | 0.3-0 | 5.87 | 47.61 | 53.48 | OK | --no-tests |
r-devel-linux-x86_64-debian-gcc | 0.3-0 | 4.23 | 32.91 | 37.14 | OK | --no-tests |
r-devel-windows-x86_64 | 0.3-0 | 1.00 | 7.00 | 8.00 | ERROR | |
r-patched-linux-x86_64 | 0.3-0 | 3.40 | 44.07 | 47.47 | OK | --no-tests |
r-release-linux-x86_64 | 0.3-0 | 5.92 | 44.24 | 50.16 | OK | --no-tests |
r-release-macos-arm64 | 0.3-0 | 5.00 | ERROR | |||
r-release-macos-x86_64 | 0.3-0 | 7.00 | ERROR | |||
r-release-windows-x86_64 | 0.3-0 | 2.00 | 23.00 | 25.00 | ERROR | |
r-oldrel-macos-arm64 | 0.3-0 | 6.00 | ERROR | |||
r-oldrel-macos-x86_64 | 0.3-0 | 7.00 | ERROR |
Version: 0.3-0
Check: package dependencies
Result: ERROR
Package required but not available: 'Rcplex'
See section 'The DESCRIPTION file' in the 'Writing R Extensions'
manual.
Flavors: r-devel-windows-x86_64, r-release-macos-arm64, r-release-macos-x86_64, r-release-windows-x86_64, r-oldrel-macos-arm64, r-oldrel-macos-x86_64