CRAN Package Check Results for Package ROI.plugin.clp

Last updated on 2019-07-21 07:49:19 CEST.

Flavor Version Tinstall Tcheck Ttotal Status Flags
r-devel-linux-x86_64-debian-clang 0.4 6.69 85.06 91.75 OK
r-devel-linux-x86_64-debian-gcc 0.4 5.59 62.71 68.30 OK
r-devel-linux-x86_64-fedora-clang 0.4 96.30 OK
r-devel-linux-x86_64-fedora-gcc 0.4 94.29 OK
r-devel-windows-ix86+x86_64 0.4 11.00 62.00 73.00 OK
r-patched-linux-x86_64 0.4 6.89 80.22 87.11 OK
r-patched-solaris-x86 0.4 91.00 OK
r-release-linux-x86_64 0.4 5.52 81.60 87.12 OK
r-release-windows-ix86+x86_64 0.4 12.00 49.00 61.00 OK
r-release-osx-x86_64 0.4 ERROR
r-oldrel-windows-ix86+x86_64 0.4 10.00 60.00 70.00 OK
r-oldrel-osx-x86_64 0.4 ERROR

Check Details

Version: 0.4
Check: package dependencies
Result: ERROR
    Package required but not available: ‘clpAPI’
    
    See section ‘The DESCRIPTION file’ in the ‘Writing R Extensions’
    manual.
Flavors: r-release-osx-x86_64, r-oldrel-osx-x86_64