CRAN Package Check Results for Package ROI.plugin.clp

Last updated on 2019-04-25 10:49:18 CEST.

Flavor Version Tinstall Tcheck Ttotal Status Flags
r-devel-linux-x86_64-debian-clang 0.4 6.40 83.05 89.45 OK
r-devel-linux-x86_64-debian-gcc 0.4 6.03 63.73 69.76 OK
r-devel-linux-x86_64-fedora-clang 0.4 96.47 OK
r-devel-linux-x86_64-fedora-gcc 0.4 91.14 OK
r-devel-windows-ix86+x86_64 0.4 17.00 65.00 82.00 OK
r-patched-linux-x86_64 0.4 6.31 82.70 89.01 OK
r-patched-solaris-x86 0.4 87.00 OK
r-release-linux-x86_64 0.4 3.95 81.23 85.18 OK
r-release-windows-ix86+x86_64 0.4 7.00 62.00 69.00 OK
r-release-osx-x86_64 0.4 ERROR
r-oldrel-windows-ix86+x86_64 0.4 7.00 50.00 57.00 OK
r-oldrel-osx-x86_64 0.4 ERROR

Check Details

Version: 0.4
Check: package dependencies
Result: ERROR
    Package required but not available: ‘clpAPI’
    
    See section ‘The DESCRIPTION file’ in the ‘Writing R Extensions’
    manual.
Flavors: r-release-osx-x86_64, r-oldrel-osx-x86_64