CRAN Package Check Results for Package ROI

Last updated on 2024-07-19 19:50:18 CEST.

Flavor Version Tinstall Tcheck Ttotal Status Flags
r-devel-linux-x86_64-debian-clang 1.0-1 6.50 681.86 688.36 NOTE
r-devel-linux-x86_64-debian-gcc 1.0-1 4.87 433.58 438.45 NOTE
r-devel-linux-x86_64-fedora-clang 1.0-1 82.34 NOTE
r-devel-linux-x86_64-fedora-gcc 1.0-1 74.80 NOTE
r-devel-windows-x86_64 1.0-1 33.00 344.00 377.00 NOTE
r-patched-linux-x86_64 1.0-1 9.97 641.78 651.75 NOTE
r-release-linux-x86_64 1.0-1 5.74 639.06 644.80 NOTE
r-release-macos-arm64 1.0-1 26.00 NOTE
r-release-macos-x86_64 1.0-1 36.00 NOTE
r-release-windows-x86_64 1.0-1 24.00 337.00 361.00 NOTE
r-oldrel-macos-arm64 1.0-1 25.00 OK
r-oldrel-macos-x86_64 1.0-1 46.00 OK
r-oldrel-windows-x86_64 1.0-1 30.00 391.00 421.00 OK

Check Details

Version: 1.0-1
Check: Rd files
Result: NOTE checkRd: (-1) ROI_plugin_build_equality_constraints.Rd:27: Lost braces in \enumerate; meant \describe ? checkRd: (-1) ROI_plugin_build_equality_constraints.Rd:28: Lost braces in \enumerate; meant \describe ? checkRd: (-1) ROI_plugin_build_inequality_constraints.Rd:27: Lost braces in \enumerate; meant \describe ? checkRd: (-1) ROI_plugin_build_inequality_constraints.Rd:28: Lost braces in \enumerate; meant \describe ? checkRd: (-1) ROI_plugin_build_inequality_constraints.Rd:29: Lost braces in \enumerate; meant \describe ? checkRd: (-1) ROI_solve.Rd:26: Lost braces in \itemize; \value handles \item{}{} directly checkRd: (-1) ROI_solve.Rd:27: Lost braces in \itemize; \value handles \item{}{} directly checkRd: (-1) ROI_solve.Rd:28-30: Lost braces in \itemize; \value handles \item{}{} directly checkRd: (-1) ROI_solve.Rd:31: Lost braces in \itemize; \value handles \item{}{} directly Flavors: r-devel-linux-x86_64-debian-clang, r-devel-linux-x86_64-debian-gcc, r-devel-linux-x86_64-fedora-clang, r-devel-linux-x86_64-fedora-gcc, r-devel-windows-x86_64, r-patched-linux-x86_64, r-release-linux-x86_64, r-release-macos-arm64, r-release-macos-x86_64, r-release-windows-x86_64