Last updated on 2023-06-06 17:58:51 CEST.
Flavor | Version | Tinstall | Tcheck | Ttotal | Status | Flags |
---|---|---|---|---|---|---|
r-devel-linux-x86_64-debian-clang | 1.0-11 | 5.79 | 126.12 | 131.91 | NOTE | |
r-devel-linux-x86_64-debian-gcc | 1.0-11 | 4.03 | 95.26 | 99.29 | NOTE | |
r-devel-linux-x86_64-fedora-clang | 1.0-11 | 158.29 | NOTE | |||
r-devel-linux-x86_64-fedora-gcc | 1.0-11 | 176.41 | NOTE | |||
r-devel-windows-x86_64 | 1.0-11 | 6.00 | 116.00 | 122.00 | NOTE | |
r-patched-linux-x86_64 | 1.0-11 | 3.54 | 118.74 | 122.28 | NOTE | |
r-release-linux-x86_64 | 1.0-11 | 5.87 | 126.16 | 132.03 | NOTE | |
r-release-macos-arm64 | 1.0-11 | 52.00 | NOTE | |||
r-release-macos-x86_64 | 1.0-11 | 93.00 | NOTE | |||
r-release-windows-x86_64 | 1.0-11 | 7.00 | 138.00 | 145.00 | NOTE | |
r-oldrel-macos-arm64 | 1.0-11 | 49.00 | OK | |||
r-oldrel-macos-x86_64 | 1.0-11 | 78.00 | OK | |||
r-oldrel-windows-x86_64 | 1.0-11 | 8.00 | 135.00 | 143.00 | OK |
Version: 1.0-11
Check: Rd files
Result: NOTE
checkRd: (-1) performance.Rd:35: Escaped LaTeX specials: \#
checkRd: (-1) performance.Rd:36: Escaped LaTeX specials: \# \# \#
checkRd: (-1) performance.Rd:37: Escaped LaTeX specials: \# \#
Flavors: r-devel-linux-x86_64-debian-clang, r-devel-linux-x86_64-debian-gcc, r-devel-linux-x86_64-fedora-clang, r-devel-linux-x86_64-fedora-gcc, r-devel-windows-x86_64, r-patched-linux-x86_64, r-release-linux-x86_64, r-release-macos-arm64, r-release-macos-x86_64, r-release-windows-x86_64