CRAN Package Check Results for Package ROCR

Last updated on 2022-10-07 23:52:46 CEST.

Flavor Version Tinstall Tcheck Ttotal Status Flags
r-devel-linux-x86_64-debian-clang 1.0-11 5.03 137.63 142.66 NOTE
r-devel-linux-x86_64-debian-gcc 1.0-11 4.13 94.29 98.42 NOTE
r-devel-linux-x86_64-fedora-clang 1.0-11 172.61 NOTE
r-devel-linux-x86_64-fedora-gcc 1.0-11 167.87 NOTE
r-devel-windows-x86_64 1.0-11 23.00 170.00 193.00 NOTE
r-patched-linux-x86_64 1.0-11 5.84 123.08 128.92 OK
r-release-linux-x86_64 1.0-11 4.82 125.14 129.96 OK
r-release-macos-arm64 1.0-11 49.00 OK
r-release-macos-x86_64 1.0-11 78.00 OK
r-release-windows-x86_64 1.0-11 26.00 165.00 191.00 OK
r-oldrel-macos-arm64 1.0-11 59.00 OK
r-oldrel-macos-x86_64 1.0-11 109.00 OK
r-oldrel-windows-ix86+x86_64 1.0-11 11.00 162.00 173.00 OK

Check Details

Version: 1.0-11
Check: Rd files
Result: NOTE
    checkRd: (-1) performance.Rd:35: Escaped LaTeX specials: \#
    checkRd: (-1) performance.Rd:36: Escaped LaTeX specials: \# \# \#
    checkRd: (-1) performance.Rd:37: Escaped LaTeX specials: \# \#
Flavors: r-devel-linux-x86_64-debian-clang, r-devel-linux-x86_64-debian-gcc, r-devel-linux-x86_64-fedora-clang, r-devel-linux-x86_64-fedora-gcc, r-devel-windows-x86_64