Last updated on 2025-01-19 00:49:45 CET.
Flavor | Version | Tinstall | Tcheck | Ttotal | Status | Flags |
---|---|---|---|---|---|---|
r-devel-linux-x86_64-debian-clang | 1.0-11 | 4.37 | 126.80 | 131.17 | NOTE | |
r-devel-linux-x86_64-debian-gcc | 1.0-11 | 2.91 | 76.77 | 79.68 | NOTE | |
r-devel-linux-x86_64-fedora-clang | 1.0-11 | 209.58 | NOTE | |||
r-devel-linux-x86_64-fedora-gcc | 1.0-11 | 216.46 | NOTE | |||
r-devel-windows-x86_64 | 1.0-11 | 7.00 | 121.00 | 128.00 | NOTE | |
r-patched-linux-x86_64 | 1.0-11 | 4.17 | 115.88 | 120.05 | NOTE | |
r-release-linux-x86_64 | 1.0-11 | 4.58 | 114.91 | 119.49 | NOTE | |
r-release-macos-arm64 | 1.0-11 | 57.00 | NOTE | |||
r-release-macos-x86_64 | 1.0-11 | 96.00 | NOTE | |||
r-release-windows-x86_64 | 1.0-11 | 7.00 | 121.00 | 128.00 | NOTE | |
r-oldrel-macos-arm64 | 1.0-11 | 52.00 | NOTE | |||
r-oldrel-macos-x86_64 | 1.0-11 | 93.00 | NOTE | |||
r-oldrel-windows-x86_64 | 1.0-11 | 8.00 | 162.00 | 170.00 | NOTE |
Version: 1.0-11
Check: Rd files
Result: NOTE
checkRd: (-1) performance.Rd:35: Escaped LaTeX specials: \#
checkRd: (-1) performance.Rd:36: Escaped LaTeX specials: \# \# \#
checkRd: (-1) performance.Rd:37: Escaped LaTeX specials: \# \#
Flavors: r-devel-linux-x86_64-debian-clang, r-devel-linux-x86_64-debian-gcc, r-devel-linux-x86_64-fedora-clang, r-devel-linux-x86_64-fedora-gcc, r-devel-windows-x86_64, r-patched-linux-x86_64, r-release-linux-x86_64, r-release-macos-arm64, r-release-macos-x86_64, r-release-windows-x86_64, r-oldrel-macos-arm64, r-oldrel-macos-x86_64, r-oldrel-windows-x86_64