CRAN Package Check Results for Package RNiftyReg

Last updated on 2019-04-23 18:52:12 CEST.

Flavor Version Tinstall Tcheck Ttotal Status Flags
r-devel-linux-x86_64-debian-clang 2.6.6 430.31 45.66 475.97 OK
r-devel-linux-x86_64-debian-gcc 2.6.6 396.31 41.26 437.57 OK
r-devel-linux-x86_64-fedora-clang 2.6.6 786.97 NOTE
r-devel-linux-x86_64-fedora-gcc 2.6.6 750.17 OK
r-devel-windows-ix86+x86_64 2.6.6 1030.00 119.00 1149.00 NOTE
r-patched-linux-x86_64 2.6.6 460.08 48.81 508.89 OK
r-patched-solaris-x86 2.6.6 587.40 OK
r-release-linux-x86_64 2.6.6 454.12 45.77 499.89 OK
r-release-windows-ix86+x86_64 2.6.6 736.00 125.00 861.00 NOTE
r-release-osx-x86_64 2.6.6 NOTE
r-oldrel-windows-ix86+x86_64 2.6.6 1039.00 101.00 1140.00 NOTE
r-oldrel-osx-x86_64 2.6.6 NOTE

Additional issues

clang-UBSAN valgrind

Check Details

Version: 2.6.6
Check: installed package size
Result: NOTE
     installed size is 89.4Mb
     sub-directories of 1Mb or more:
     extdata 2.0Mb
     libs 87.2Mb
Flavors: r-devel-linux-x86_64-fedora-clang, r-devel-windows-ix86+x86_64, r-release-windows-ix86+x86_64, r-release-osx-x86_64, r-oldrel-windows-ix86+x86_64, r-oldrel-osx-x86_64