CRAN Package Check Results for Package RNiftyReg

Last updated on 2019-07-16 00:17:08 CEST.

Flavor Version Tinstall Tcheck Ttotal Status Flags
r-devel-linux-x86_64-debian-clang 2.6.6 425.27 45.89 471.16 OK
r-devel-linux-x86_64-debian-gcc 2.6.6 397.35 39.30 436.65 OK
r-devel-linux-x86_64-fedora-clang 2.6.6 735.17 NOTE
r-devel-linux-x86_64-fedora-gcc 2.6.6 739.23 OK
r-devel-windows-ix86+x86_64 2.6.6 1091.00 106.00 1197.00 NOTE
r-patched-linux-x86_64 2.6.6 447.04 49.27 496.31 OK
r-patched-solaris-x86 2.6.6 578.60 OK
r-release-linux-x86_64 2.6.6 460.43 49.51 509.94 OK
r-release-windows-ix86+x86_64 2.6.6 762.00 127.00 889.00 NOTE
r-release-osx-x86_64 2.6.6 NOTE
r-oldrel-windows-ix86+x86_64 2.6.6 1055.00 105.00 1160.00 NOTE
r-oldrel-osx-x86_64 2.6.6 NOTE

Additional issues

clang-UBSAN valgrind

Check Details

Version: 2.6.6
Check: installed package size
Result: NOTE
     installed size is 89.4Mb
     sub-directories of 1Mb or more:
     extdata 2.0Mb
     libs 87.3Mb
Flavors: r-devel-linux-x86_64-fedora-clang, r-devel-windows-ix86+x86_64, r-release-windows-ix86+x86_64, r-release-osx-x86_64, r-oldrel-windows-ix86+x86_64, r-oldrel-osx-x86_64