CRAN Package Check Results for Package RNewsflow

Last updated on 2019-09-22 21:47:47 CEST.

Flavor Version Tinstall Tcheck Ttotal Status Flags
r-devel-linux-x86_64-debian-clang 1.1.1 70.40 92.86 163.26 OK
r-devel-linux-x86_64-debian-gcc 1.1.1 60.13 73.26 133.39 OK
r-devel-linux-x86_64-fedora-clang 1.1.1 232.25 NOTE
r-devel-linux-x86_64-fedora-gcc 1.1.1 218.03 NOTE
r-devel-windows-ix86+x86_64 1.1.1 148.00 7.00 155.00 ERROR
r-patched-linux-x86_64 1.1.1 65.78 89.44 155.22 OK
r-patched-solaris-x86 1.1.1 270.70 NOTE
r-release-linux-x86_64 1.1.1 66.27 88.97 155.24 OK
r-release-windows-ix86+x86_64 1.1.1 221.00 187.00 408.00 OK
r-release-osx-x86_64 1.1.1 NOTE
r-oldrel-windows-ix86+x86_64 1.1.1 134.00 128.00 262.00 OK
r-oldrel-osx-x86_64 1.1.1 NOTE

Check Details

Version: 1.1.1
Check: dependencies in R code
Result: NOTE
    Namespace in Imports field not imported from: ‘slam’
     All declared Imports should be used.
Flavors: r-devel-linux-x86_64-fedora-clang, r-devel-linux-x86_64-fedora-gcc, r-patched-solaris-x86, r-release-osx-x86_64, r-oldrel-osx-x86_64

Version: 1.1.1
Check: whether package can be installed
Result: ERROR
    Installation failed.
Flavor: r-devel-windows-ix86+x86_64