CRAN Package Check Results for Package RNewsflow

Last updated on 2019-06-18 22:02:04 CEST.

Flavor Version Tinstall Tcheck Ttotal Status Flags
r-devel-linux-x86_64-debian-clang 1.1.0 71.34 93.86 165.20 OK
r-devel-linux-x86_64-debian-gcc 1.1.0 57.54 73.22 130.76 OK
r-devel-linux-x86_64-fedora-clang 1.1.0 230.53 NOTE
r-devel-linux-x86_64-fedora-gcc 1.1.0 208.87 NOTE
r-devel-windows-ix86+x86_64 1.1.0 207.00 185.00 392.00 OK
r-patched-linux-x86_64 1.1.0 66.64 90.19 156.83 OK
r-patched-solaris-x86 1.1.0 266.00 NOTE
r-release-linux-x86_64 1.1.0 74.54 90.97 165.51 OK
r-release-windows-ix86+x86_64 1.1.0 217.00 184.00 401.00 OK
r-release-osx-x86_64 1.1.0 NOTE
r-oldrel-windows-ix86+x86_64 1.1.0 142.00 177.00 319.00 OK
r-oldrel-osx-x86_64 1.1.0 NOTE

Check Details

Version: 1.1.0
Check: dependencies in R code
Result: NOTE
    Namespace in Imports field not imported from: ‘slam’
     All declared Imports should be used.
Flavors: r-devel-linux-x86_64-fedora-clang, r-devel-linux-x86_64-fedora-gcc, r-patched-solaris-x86, r-release-osx-x86_64, r-oldrel-osx-x86_64