CRAN Package Check Results for Package RNOmni

Last updated on 2021-12-04 10:52:43 CET.

Flavor Version Tinstall Tcheck Ttotal Status Flags
r-devel-linux-x86_64-debian-clang 1.0.0 44.52 40.66 85.18 NOTE
r-devel-linux-x86_64-debian-gcc 1.0.0 32.30 32.43 64.73 NOTE
r-devel-linux-x86_64-fedora-clang 1.0.0 124.88 NOTE
r-devel-linux-x86_64-fedora-gcc 1.0.0 107.81 NOTE
r-devel-windows-x86_64-new-UL 1.0.0 63.00 101.00 164.00 NOTE
r-devel-windows-x86_64-new-TK 1.0.0 NOTE
r-devel-windows-x86_64-old 1.0.0 62.00 49.00 111.00 NOTE
r-patched-linux-x86_64 1.0.0 42.36 31.16 73.52 NOTE
r-release-linux-x86_64 1.0.0 43.16 31.59 74.75 NOTE
r-release-macos-arm64 1.0.0 NOTE
r-release-macos-x86_64 1.0.0 NOTE
r-release-windows-ix86+x86_64 1.0.0 122.00 78.00 200.00 NOTE
r-oldrel-macos-x86_64 1.0.0 OK
r-oldrel-windows-ix86+x86_64 1.0.0 118.00 81.00 199.00 OK

Check Details

Version: 1.0.0
Check: LazyData
Result: NOTE
     'LazyData' is specified without a 'data' directory
Flavors: r-devel-linux-x86_64-debian-clang, r-devel-linux-x86_64-debian-gcc, r-devel-linux-x86_64-fedora-clang, r-devel-linux-x86_64-fedora-gcc, r-devel-windows-x86_64-new-UL, r-devel-windows-x86_64-new-TK, r-devel-windows-x86_64-old, r-patched-linux-x86_64, r-release-linux-x86_64, r-release-macos-arm64, r-release-macos-x86_64, r-release-windows-ix86+x86_64