CRAN Package Check Results for Package RNOmni

Last updated on 2019-09-20 17:47:29 CEST.

Flavor Version Tinstall Tcheck Ttotal Status Flags
r-devel-linux-x86_64-debian-clang 0.7.1 64.99 39.33 104.32 OK
r-devel-linux-x86_64-debian-gcc 0.7.1 57.50 32.71 90.21 OK
r-devel-linux-x86_64-fedora-clang 0.7.1 150.34 NOTE
r-devel-linux-x86_64-fedora-gcc 0.7.1 149.24 NOTE
r-devel-windows-ix86+x86_64 0.7.1 140.00 95.00 235.00 OK
r-patched-linux-x86_64 0.7.1 67.84 40.11 107.95 OK
r-patched-solaris-x86 0.7.1 143.00 NOTE
r-release-linux-x86_64 0.7.1 64.95 40.17 105.12 OK
r-release-windows-ix86+x86_64 0.7.1 92.00 68.00 160.00 OK
r-release-osx-x86_64 0.7.1 NOTE
r-oldrel-windows-ix86+x86_64 0.7.1 91.00 62.00 153.00 OK
r-oldrel-osx-x86_64 0.7.1 NOTE

Check Details

Version: 0.7.1
Check: installed package size
Result: NOTE
     installed size is 16.7Mb
     sub-directories of 1Mb or more:
     libs 16.4Mb
Flavors: r-devel-linux-x86_64-fedora-clang, r-release-osx-x86_64, r-oldrel-osx-x86_64

Version: 0.7.1
Check: dependencies in R code
Result: NOTE
    Namespaces in Imports field not imported from:
     ‘abind’ ‘foreach’
     All declared Imports should be used.
Flavors: r-devel-linux-x86_64-fedora-clang, r-devel-linux-x86_64-fedora-gcc, r-patched-solaris-x86, r-release-osx-x86_64, r-oldrel-osx-x86_64