CRAN Package Check Results for Package RNOmni

Last updated on 2020-06-01 06:48:36 CEST.

Flavor Version Tinstall Tcheck Ttotal Status Flags
r-devel-linux-x86_64-debian-clang 0.7.1 76.56 41.23 117.79 OK
r-devel-linux-x86_64-debian-gcc 0.7.1 58.87 34.52 93.39 OK
r-devel-linux-x86_64-fedora-clang 0.7.1 168.21 NOTE
r-devel-linux-x86_64-fedora-gcc 0.7.1 149.27 NOTE
r-devel-windows-ix86+x86_64 0.7.1 161.00 98.00 259.00 OK
r-patched-linux-x86_64 0.7.1 65.26 43.82 109.08 OK
r-patched-solaris-x86 0.7.1 150.60 NOTE
r-release-linux-x86_64 0.7.1 61.83 44.06 105.89 OK
r-release-osx-x86_64 0.7.1 NOTE
r-release-windows-ix86+x86_64 0.7.1 144.00 87.00 231.00 OK
r-oldrel-osx-x86_64 0.7.1 NOTE
r-oldrel-windows-ix86+x86_64 0.7.1 130.00 72.00 202.00 OK

Check Details

Version: 0.7.1
Check: installed package size
Result: NOTE
     installed size is 17.1Mb
     sub-directories of 1Mb or more:
     libs 16.8Mb
Flavors: r-devel-linux-x86_64-fedora-clang, r-release-osx-x86_64, r-oldrel-osx-x86_64

Version: 0.7.1
Check: dependencies in R code
Result: NOTE
    Namespaces in Imports field not imported from:
     ‘abind’ ‘foreach’
     All declared Imports should be used.
Flavors: r-devel-linux-x86_64-fedora-clang, r-devel-linux-x86_64-fedora-gcc, r-patched-solaris-x86, r-release-osx-x86_64, r-oldrel-osx-x86_64