CRAN Package Check Results for Package RNHANES

Last updated on 2022-10-02 09:53:40 CEST.

Flavor Version Tinstall Tcheck Ttotal Status Flags
r-devel-linux-x86_64-debian-clang 1.1.0 10.36 110.02 120.38 NOTE
r-devel-linux-x86_64-debian-gcc 1.1.0 10.35 83.13 93.48 NOTE
r-devel-linux-x86_64-fedora-clang 1.1.0 161.90 NOTE
r-devel-linux-x86_64-fedora-gcc 1.1.0 164.60 NOTE
r-devel-windows-x86_64 1.1.0 84.00 134.00 218.00 NOTE
r-patched-linux-x86_64 1.1.0 9.71 104.26 113.97 NOTE
r-release-linux-x86_64 1.1.0 11.65 103.73 115.38 NOTE
r-release-macos-arm64 1.1.0 42.00 NOTE
r-release-macos-x86_64 1.1.0 90.00 NOTE
r-release-windows-x86_64 1.1.0 70.00 135.00 205.00 NOTE
r-oldrel-macos-arm64 1.1.0 44.00 NOTE
r-oldrel-macos-x86_64 1.1.0 79.00 NOTE
r-oldrel-windows-ix86+x86_64 1.1.0 26.00 126.00 152.00 NOTE

Check Details

Version: 1.1.0
Check: LazyData
Result: NOTE
     'LazyData' is specified without a 'data' directory
Flavors: r-devel-linux-x86_64-debian-clang, r-devel-linux-x86_64-debian-gcc, r-devel-linux-x86_64-fedora-clang, r-devel-linux-x86_64-fedora-gcc, r-devel-windows-x86_64, r-patched-linux-x86_64, r-release-linux-x86_64, r-release-macos-arm64, r-release-macos-x86_64, r-release-windows-x86_64, r-oldrel-macos-arm64, r-oldrel-macos-x86_64, r-oldrel-windows-ix86+x86_64