CRAN Package Check Results for Package RNCEP

Last updated on 2022-10-02 09:53:40 CEST.

Flavor Version Tinstall Tcheck Ttotal Status Flags
r-devel-linux-x86_64-debian-clang 1.0.10 18.72 119.74 138.46 OK
r-devel-linux-x86_64-debian-gcc 1.0.10 13.22 86.34 99.56 OK
r-devel-linux-x86_64-fedora-clang 1.0.10 180.74 NOTE
r-devel-linux-x86_64-fedora-gcc 1.0.10 181.01 OK
r-devel-windows-x86_64 1.0.10 26.00 128.00 154.00 OK
r-patched-linux-x86_64 1.0.10 29.24 128.86 158.10 OK
r-release-linux-x86_64 1.0.10 16.37 129.99 146.36 OK
r-release-macos-arm64 1.0.10 85.00 OK
r-release-macos-x86_64 1.0.10 150.00 OK
r-release-windows-x86_64 1.0.10 26.00 130.00 156.00 OK
r-oldrel-macos-arm64 1.0.10 73.00 OK
r-oldrel-macos-x86_64 1.0.10 91.00 OK
r-oldrel-windows-ix86+x86_64 1.0.10 34.00 124.00 158.00 OK

Check Details

Version: 1.0.10
Check: Rd cross-references
Result: NOTE
    Undeclared packages ‘fossil’, ‘raster’ in Rd xrefs
Flavor: r-devel-linux-x86_64-fedora-clang