CRAN Package Check Results for Package RMariaDB

Last updated on 2022-11-28 06:50:21 CET.

Flavor Version Tinstall Tcheck Ttotal Status Flags
r-devel-linux-x86_64-debian-clang 1.2.2 117.10 58.01 175.11 OK
r-devel-linux-x86_64-debian-gcc 1.2.2 87.40 44.48 131.88 OK
r-devel-linux-x86_64-fedora-clang 1.2.2 282.98 OK
r-devel-linux-x86_64-fedora-gcc 1.2.2 233.35 OK
r-devel-windows-x86_64 1.2.2 282.00 198.00 480.00 OK
r-patched-linux-x86_64 1.2.2 93.47 53.07 146.54 OK
r-release-linux-x86_64 1.2.2 97.52 54.63 152.15 OK
r-release-macos-arm64 1.2.2 50.00 NOTE
r-release-macos-x86_64 1.2.2 79.00 NOTE
r-release-windows-x86_64 1.2.2 333.00 208.00 541.00 OK
r-oldrel-macos-arm64 1.2.2 52.00 NOTE
r-oldrel-macos-x86_64 1.2.2 83.00 NOTE
r-oldrel-windows-ix86+x86_64 1.2.2 545.00 230.00 775.00 NOTE

Check Details

Version: 1.2.2
Check: installed package size
Result: NOTE
     installed size is 6.1Mb
     sub-directories of 1Mb or more:
     libs 5.7Mb
Flavors: r-release-macos-arm64, r-release-macos-x86_64, r-oldrel-macos-arm64, r-oldrel-macos-x86_64, r-oldrel-windows-ix86+x86_64