CRAN Package Check Results for Package RMariaDB

Last updated on 2019-06-18 22:02:04 CEST.

Flavor Version Tinstall Tcheck Ttotal Status Flags
r-devel-linux-x86_64-debian-clang 1.0.6 83.46 33.38 116.84 OK
r-devel-linux-x86_64-debian-gcc 1.0.6 62.71 26.81 89.52 WARN
r-devel-linux-x86_64-fedora-clang 1.0.6 185.26 OK
r-devel-linux-x86_64-fedora-gcc 1.0.6 155.50 WARN
r-devel-windows-ix86+x86_64 1.0.6 498.00 163.00 661.00 NOTE
r-patched-linux-x86_64 1.0.6 77.68 33.57 111.25 WARN
r-patched-solaris-x86 1.0.6 171.30 OK
r-release-linux-x86_64 1.0.6 75.03 33.89 108.92 WARN
r-release-windows-ix86+x86_64 1.0.6 567.00 173.00 740.00 NOTE
r-release-osx-x86_64 1.0.6 NOTE
r-oldrel-windows-ix86+x86_64 1.0.6 355.00 180.00 535.00 NOTE
r-oldrel-osx-x86_64 1.0.6 OK

Check Details

Version: 1.0.6
Check: whether package can be installed
Result: WARN
    Found the following significant warnings:
     DbResult.cpp:81:41: warning: catching polymorphic type ‘class MariaResultPrep::UnsupportedPS’ by value [-Wcatch-value=]
Flavors: r-devel-linux-x86_64-debian-gcc, r-devel-linux-x86_64-fedora-gcc, r-patched-linux-x86_64, r-release-linux-x86_64

Version: 1.0.6
Check: installed package size
Result: NOTE
     installed size is 6.5Mb
     sub-directories of 1Mb or more:
     libs 6.2Mb
Flavors: r-devel-windows-ix86+x86_64, r-release-windows-ix86+x86_64, r-release-osx-x86_64, r-oldrel-windows-ix86+x86_64