CRAN Package Check Results for Package RMCC

Last updated on 2023-03-28 02:55:03 CEST.

Flavor Version Tinstall Tcheck Ttotal Status Flags
r-devel-linux-x86_64-debian-clang 0.1.0 43.82 30.70 74.52 NOTE
r-devel-linux-x86_64-debian-gcc 0.1.0 32.83 24.54 57.37 NOTE
r-devel-linux-x86_64-fedora-clang 0.1.0 123.35 NOTE
r-devel-linux-x86_64-fedora-gcc 0.1.0 100.60 NOTE
r-patched-linux-x86_64 0.1.0 40.20 30.67 70.87 NOTE
r-release-linux-x86_64 0.1.0 41.37 31.78 73.15 OK
r-release-macos-arm64 0.1.0 30.00 OK
r-release-macos-x86_64 0.1.0 44.00 OK
r-release-windows-x86_64 0.1.0 59.00 91.00 150.00 OK
r-oldrel-macos-arm64 0.1.0 29.00 OK
r-oldrel-macos-x86_64 0.1.0 43.00 OK
r-oldrel-windows-ix86+x86_64 0.1.0 119.00 99.00 218.00 OK

Check Details

Version: 0.1.0
Check: C++ specification
Result: NOTE
     Specified C++11: please drop specification unless essential
Flavors: r-devel-linux-x86_64-debian-clang, r-devel-linux-x86_64-debian-gcc, r-devel-linux-x86_64-fedora-clang, r-devel-linux-x86_64-fedora-gcc, r-patched-linux-x86_64