CRAN Package Check Results for Package RLumShiny

Last updated on 2020-07-08 12:49:17 CEST.

Flavor Version Tinstall Tcheck Ttotal Status Flags
r-devel-linux-x86_64-debian-clang 0.2.2 9.61 84.98 94.59 OK
r-devel-linux-x86_64-debian-gcc 0.2.2 7.79 64.36 72.15 OK
r-devel-linux-x86_64-fedora-clang 0.2.2 119.70 NOTE
r-devel-linux-x86_64-fedora-gcc 0.2.2 111.25 NOTE
r-devel-windows-ix86+x86_64 0.2.2 21.00 129.00 150.00 OK
r-patched-linux-x86_64 0.2.2 10.59 81.48 92.07 OK
r-patched-solaris-x86 0.2.2 161.10 NOTE
r-release-linux-x86_64 0.2.2 9.18 82.01 91.19 OK
r-release-osx-x86_64 0.2.2 NOTE
r-release-windows-ix86+x86_64 0.2.2 24.00 96.00 120.00 OK
r-oldrel-osx-x86_64 0.2.2 NOTE
r-oldrel-windows-ix86+x86_64 0.2.2 37.00 115.00 152.00 OK

Check Details

Version: 0.2.2
Check: dependencies in R code
Result: NOTE
    Namespaces in Imports field not imported from:
     ‘RCarb’ ‘rmarkdown’ ‘shinyjs’
     All declared Imports should be used.
Flavors: r-devel-linux-x86_64-fedora-clang, r-devel-linux-x86_64-fedora-gcc, r-patched-solaris-x86, r-release-osx-x86_64, r-oldrel-osx-x86_64