CRAN Package Check Results for Package RLRsim

Last updated on 2019-05-24 04:46:48 CEST.

Flavor Version Tinstall Tcheck Ttotal Status Flags
r-devel-linux-x86_64-debian-clang 3.1-3 21.50 60.55 82.05 OK
r-devel-linux-x86_64-debian-gcc 3.1-3 17.27 48.09 65.36 OK
r-devel-linux-x86_64-fedora-clang 3.1-3 105.53 NOTE
r-devel-linux-x86_64-fedora-gcc 3.1-3 99.35 NOTE
r-devel-windows-ix86+x86_64 3.1-3 44.00 128.00 172.00 OK
r-patched-linux-x86_64 3.1-3 19.92 59.53 79.45 OK
r-patched-solaris-x86 3.1-3 138.20 OK
r-release-linux-x86_64 3.1-3 22.13 60.01 82.14 OK
r-release-windows-ix86+x86_64 3.1-3 59.00 105.00 164.00 OK
r-release-osx-x86_64 3.1-3 OK
r-oldrel-windows-ix86+x86_64 3.1-3 46.00 94.00 140.00 OK
r-oldrel-osx-x86_64 3.1-3 OK

Check Details

Version: 3.1-3
Check: compiled code
Result: NOTE
    File ‘RLRsim/libs/RLRsim.so’:
     Found no calls to: ‘R_registerRoutines’, ‘R_useDynamicSymbols’
    
    It is good practice to register native routines and to disable symbol
    search.
    
    See ‘Writing portable packages’ in the ‘Writing R Extensions’ manual.
Flavors: r-devel-linux-x86_64-fedora-clang, r-devel-linux-x86_64-fedora-gcc