CRAN Package Check Results for Package RLRsim

Last updated on 2019-08-24 22:46:36 CEST.

Flavor Version Tinstall Tcheck Ttotal Status Flags
r-devel-linux-x86_64-debian-clang 3.1-3 19.86 60.19 80.05 OK
r-devel-linux-x86_64-debian-gcc 3.1-3 16.06 48.01 64.07 OK
r-devel-linux-x86_64-fedora-clang 3.1-3 108.65 NOTE
r-devel-linux-x86_64-fedora-gcc 3.1-3 104.20 NOTE
r-devel-windows-ix86+x86_64 3.1-3 40.00 106.00 146.00 OK
r-patched-linux-x86_64 3.1-3 18.09 60.25 78.34 OK
r-patched-solaris-x86 3.1-3 144.50 OK
r-release-linux-x86_64 3.1-3 19.98 59.25 79.23 OK
r-release-windows-ix86+x86_64 3.1-3 53.00 132.00 185.00 OK
r-release-osx-x86_64 3.1-3 OK
r-oldrel-windows-ix86+x86_64 3.1-3 52.00 128.00 180.00 OK
r-oldrel-osx-x86_64 3.1-3 OK

Check Details

Version: 3.1-3
Check: compiled code
Result: NOTE
    File ‘RLRsim/libs/RLRsim.so’:
     Found no calls to: ‘R_registerRoutines’, ‘R_useDynamicSymbols’
    
    It is good practice to register native routines and to disable symbol
    search.
    
    See ‘Writing portable packages’ in the ‘Writing R Extensions’ manual.
Flavors: r-devel-linux-x86_64-fedora-clang, r-devel-linux-x86_64-fedora-gcc