Last updated on 2023-06-09 19:56:34 CEST.
Flavor | Version | Tinstall | Tcheck | Ttotal | Status | Flags |
---|---|---|---|---|---|---|
r-devel-linux-x86_64-debian-clang | 1.1 | 224.56 | 35.42 | 259.98 | OK | |
r-devel-linux-x86_64-debian-gcc | 1.1 | 185.00 | 31.57 | 216.57 | OK | |
r-devel-linux-x86_64-fedora-clang | 1.1 | 376.81 | OK | |||
r-devel-linux-x86_64-fedora-gcc | 1.1 | 412.27 | OK | |||
r-devel-windows-x86_64 | 1.1 | 171.00 | 87.00 | 258.00 | OK | |
r-patched-linux-x86_64 | 1.1 | 195.34 | 39.82 | 235.16 | OK | |
r-release-linux-x86_64 | 1.1 | 197.57 | 40.14 | 237.71 | OK | |
r-release-macos-arm64 | 1.1 | 99.00 | NOTE | |||
r-release-macos-x86_64 | 1.1 | 154.00 | NOTE | |||
r-release-windows-x86_64 | 1.1 | 217.00 | 96.00 | 313.00 | OK | |
r-oldrel-macos-arm64 | 1.1 | 82.00 | NOTE | |||
r-oldrel-macos-x86_64 | 1.1 | 110.00 | NOTE | |||
r-oldrel-windows-x86_64 | 1.1 | 198.00 | 87.00 | 285.00 | OK |
Version: 1.1
Check: installed package size
Result: NOTE
installed size is 19.9Mb
sub-directories of 1Mb or more:
libs 19.7Mb
Flavors: r-release-macos-arm64, r-release-macos-x86_64, r-oldrel-macos-arm64, r-oldrel-macos-x86_64