CRAN Package Check Results for Package RItools

Last updated on 2025-01-13 10:49:41 CET.

Flavor Version Tinstall Tcheck Ttotal Status Flags
r-devel-linux-x86_64-debian-clang 0.3-4 11.68 130.51 142.19 NOTE
r-devel-linux-x86_64-debian-gcc 0.3-4 8.19 90.44 98.63 NOTE
r-devel-linux-x86_64-fedora-clang 0.3-4 230.03 OK
r-devel-linux-x86_64-fedora-gcc 0.3-4 229.99 OK
r-devel-windows-x86_64 0.3-4 16.00 131.00 147.00 NOTE
r-patched-linux-x86_64 0.3-4 15.93 121.64 137.57 OK
r-release-linux-x86_64 0.3-4 11.59 122.41 134.00 OK
r-release-macos-arm64 0.3-4 56.00 OK
r-release-macos-x86_64 0.3-4 129.00 OK
r-release-windows-x86_64 0.3-4 13.00 127.00 140.00 OK
r-oldrel-macos-arm64 0.3-4 63.00 OK
r-oldrel-macos-x86_64 0.3-4 123.00 OK
r-oldrel-windows-x86_64 0.3-4 17.00 171.00 188.00 OK

Check Details

Version: 0.3-4
Check: Rd cross-references
Result: NOTE Found the following Rd file(s) with Rd \link{} targets missing package anchors: plot.balancetest.Rd: ggplot, scale_color_manual Please provide package anchors for all Rd \link{} targets not in the package itself and the base packages. Flavors: r-devel-linux-x86_64-debian-clang, r-devel-linux-x86_64-debian-gcc, r-devel-windows-x86_64