CRAN Package Check Results for Package RImagePalette

Last updated on 2022-09-24 22:54:46 CEST.

Flavor Version Tinstall Tcheck Ttotal Status Flags
r-devel-linux-x86_64-debian-clang 0.1.1 4.92 54.32 59.24 NOTE
r-devel-linux-x86_64-debian-gcc 0.1.1 4.10 40.25 44.35 NOTE
r-devel-linux-x86_64-fedora-clang 0.1.1 84.28 NOTE
r-devel-linux-x86_64-fedora-gcc 0.1.1 82.03 NOTE
r-devel-windows-x86_64 0.1.1 22.00 78.00 100.00 NOTE
r-patched-linux-x86_64 0.1.1 4.24 50.08 54.32 NOTE
r-release-linux-x86_64 0.1.1 4.76 50.34 55.10 NOTE
r-release-macos-arm64 0.1.1 22.00 NOTE
r-release-macos-x86_64 0.1.1 49.00 NOTE
r-release-windows-x86_64 0.1.1 16.00 78.00 94.00 NOTE
r-oldrel-macos-arm64 0.1.1 27.00 NOTE
r-oldrel-macos-x86_64 0.1.1 38.00 NOTE
r-oldrel-windows-ix86+x86_64 0.1.1 14.00 79.00 93.00 NOTE

Check Details

Version: 0.1.1
Check: LazyData
Result: NOTE
     'LazyData' is specified without a 'data' directory
Flavors: r-devel-linux-x86_64-debian-clang, r-devel-linux-x86_64-debian-gcc, r-devel-linux-x86_64-fedora-clang, r-devel-linux-x86_64-fedora-gcc, r-devel-windows-x86_64, r-patched-linux-x86_64, r-release-linux-x86_64, r-release-macos-arm64, r-release-macos-x86_64, r-release-windows-x86_64, r-oldrel-macos-arm64, r-oldrel-macos-x86_64, r-oldrel-windows-ix86+x86_64