CRAN Package Check Results for Package RH2

Last updated on 2024-02-26 07:50:12 CET.

Flavor Version Tinstall Tcheck Ttotal Status Flags
r-devel-linux-x86_64-debian-clang 0.2.4 4.59 47.79 52.38 OK
r-devel-linux-x86_64-debian-gcc 0.2.4 4.11 37.03 41.14 OK
r-devel-linux-x86_64-fedora-clang 0.2.4 66.68 NOTE
r-devel-linux-x86_64-fedora-gcc 0.2.4 62.88 OK
r-devel-windows-x86_64 0.2.4 6.00 54.00 60.00 OK
r-patched-linux-x86_64 0.2.4 8.28 47.16 55.44 OK
r-release-linux-x86_64 0.2.4 5.68 46.89 52.57 OK
r-release-macos-arm64 0.2.4 21.00 OK
r-release-macos-x86_64 0.2.4 38.00 OK
r-release-windows-x86_64 0.2.4 5.00 58.00 63.00 OK
r-oldrel-macos-arm64 0.2.4 20.00 OK
r-oldrel-windows-x86_64 0.2.4 9.00 63.00 72.00 OK

Check Details

Version: 0.2.4
Check: Rd cross-references
Result: NOTE Undeclared package ‘DBI’ in Rd xrefs Flavor: r-devel-linux-x86_64-fedora-clang