Last updated on 2023-03-21 10:52:24 CET.
Flavor | Version | Tinstall | Tcheck | Ttotal | Status | Flags |
---|---|---|---|---|---|---|
r-devel-linux-x86_64-debian-clang | 0.2.4 | 7.04 | 47.55 | 54.59 | OK | |
r-devel-linux-x86_64-debian-gcc | 0.2.4 | 5.80 | 36.74 | 42.54 | OK | |
r-devel-linux-x86_64-fedora-clang | 0.2.4 | 71.65 | NOTE | |||
r-devel-linux-x86_64-fedora-gcc | 0.2.4 | 68.67 | OK | |||
r-devel-windows-x86_64 | 0.2.4 | 18.00 | 74.00 | 92.00 | OK | |
r-patched-linux-x86_64 | 0.2.4 | 7.50 | 47.68 | 55.18 | OK | |
r-release-linux-x86_64 | 0.2.4 | 6.04 | 47.75 | 53.79 | OK | |
r-release-macos-arm64 | 0.2.4 | 22.00 | OK | |||
r-release-macos-x86_64 | 0.2.4 | 33.00 | OK | |||
r-release-windows-x86_64 | 0.2.4 | 19.00 | 75.00 | 94.00 | OK | |
r-oldrel-macos-arm64 | 0.2.4 | 33.00 | OK | |||
r-oldrel-macos-x86_64 | 0.2.4 | 47.00 | OK | |||
r-oldrel-windows-ix86+x86_64 | 0.2.4 | 16.00 | 71.00 | 87.00 | OK |
Version: 0.2.4
Check: Rd cross-references
Result: NOTE
Undeclared package ‘DBI’ in Rd xrefs
Flavor: r-devel-linux-x86_64-fedora-clang