CRAN Package Check Results for Package RGoogleFit

Last updated on 2021-07-26 19:49:34 CEST.

Flavor Version Tinstall Tcheck Ttotal Status Flags
r-devel-linux-x86_64-debian-clang 0.4.0 2.85 32.79 35.64 NOTE
r-devel-linux-x86_64-debian-gcc 0.4.0 2.52 25.22 27.74 NOTE
r-devel-linux-x86_64-fedora-clang 0.4.0 50.12 NOTE
r-devel-linux-x86_64-fedora-gcc 0.4.0 39.75 NOTE
r-devel-windows-x86_64 0.4.0 6.00 55.00 61.00 NOTE
r-devel-windows-x86_64-gcc10-UCRT 0.4.0 NOTE
r-patched-linux-x86_64 0.4.0 2.82 30.42 33.24 NOTE
r-patched-solaris-x86 0.4.0 63.90 NOTE
r-release-linux-x86_64 0.4.0 3.02 30.51 33.53 NOTE
r-release-macos-arm64 0.4.0 NOTE
r-release-macos-x86_64 0.4.0 NOTE
r-release-windows-ix86+x86_64 0.4.0 7.00 44.00 51.00 NOTE
r-oldrel-macos-x86_64 0.4.0 OK
r-oldrel-windows-ix86+x86_64 0.4.0 7.00 48.00 55.00 OK

Check Details

Version: 0.4.0
Check: LazyData
Result: NOTE
     'LazyData' is specified without a 'data' directory
Flavors: r-devel-linux-x86_64-debian-clang, r-devel-linux-x86_64-debian-gcc, r-devel-linux-x86_64-fedora-clang, r-devel-linux-x86_64-fedora-gcc, r-devel-windows-x86_64, r-devel-windows-x86_64-gcc10-UCRT, r-patched-linux-x86_64, r-patched-solaris-x86, r-release-linux-x86_64, r-release-macos-arm64, r-release-macos-x86_64, r-release-windows-ix86+x86_64