CRAN Package Check Results for Package RGoogleAnalyticsPremium

Last updated on 2024-07-19 10:56:55 CEST.

Flavor Version Tinstall Tcheck Ttotal Status Flags
r-devel-linux-x86_64-debian-clang 0.1.1 3.81 34.66 38.47 NOTE
r-devel-linux-x86_64-debian-gcc 0.1.1 2.81 25.76 28.57 NOTE
r-devel-linux-x86_64-fedora-clang 0.1.1 47.39 NOTE
r-devel-linux-x86_64-fedora-gcc 0.1.1 47.33 NOTE
r-devel-windows-x86_64 0.1.1 4.00 46.00 50.00 NOTE
r-patched-linux-x86_64 0.1.1 3.71 32.48 36.19 NOTE
r-release-linux-x86_64 0.1.1 3.59 32.75 36.34 NOTE
r-release-macos-arm64 0.1.1 20.00 NOTE
r-release-macos-x86_64 0.1.1 26.00 NOTE
r-release-windows-x86_64 0.1.1 4.00 47.00 51.00 NOTE
r-oldrel-macos-arm64 0.1.1 19.00 NOTE
r-oldrel-macos-x86_64 0.1.1 25.00 NOTE
r-oldrel-windows-x86_64 0.1.1 6.00 49.00 55.00 NOTE

Check Details

Version: 0.1.1
Check: LazyData
Result: NOTE 'LazyData' is specified without a 'data' directory Flavors: r-devel-linux-x86_64-debian-clang, r-devel-linux-x86_64-debian-gcc, r-devel-linux-x86_64-fedora-clang, r-devel-linux-x86_64-fedora-gcc, r-devel-windows-x86_64, r-patched-linux-x86_64, r-release-linux-x86_64, r-release-macos-arm64, r-release-macos-x86_64, r-release-windows-x86_64, r-oldrel-macos-arm64, r-oldrel-macos-x86_64, r-oldrel-windows-x86_64