CRAN Package Check Results for Package RGCxGC

Last updated on 2023-11-30 02:52:37 CET.

Flavor Version Tinstall Tcheck Ttotal Status Flags
r-devel-linux-x86_64-debian-clang 1.2.0 7.79 134.12 141.91 OK
r-devel-linux-x86_64-debian-gcc 1.2.0 7.07 93.22 100.29 OK
r-devel-linux-x86_64-fedora-clang 1.2.0 169.15 NOTE
r-devel-linux-x86_64-fedora-gcc 1.2.0 177.92 OK
r-devel-windows-x86_64 1.2.0 10.00 162.00 172.00 NOTE
r-patched-linux-x86_64 1.2.0 9.55 131.00 140.55 OK
r-release-linux-x86_64 1.2.0 9.35 126.62 135.97 OK
r-release-macos-arm64 1.2.0 64.00 NOTE
r-release-macos-x86_64 1.2.0 100.00 NOTE
r-release-windows-x86_64 1.2.0 13.00 147.00 160.00 NOTE
r-oldrel-macos-arm64 1.2.0 63.00 NOTE
r-oldrel-macos-x86_64 1.2.0 74.00 NOTE
r-oldrel-windows-x86_64 1.2.0 13.00 149.00 162.00 NOTE

Check Details

Version: 1.2.0
Check: installed package size
Result: NOTE installed size is 5.4Mb sub-directories of 1Mb or more: data 1.9Mb doc 1.2Mb extdata 1.9Mb Flavors: r-devel-linux-x86_64-fedora-clang, r-devel-windows-x86_64, r-release-macos-arm64, r-release-macos-x86_64, r-release-windows-x86_64, r-oldrel-macos-arm64, r-oldrel-macos-x86_64, r-oldrel-windows-x86_64