CRAN Package Check Results for Package RFormatter

Last updated on 2024-05-26 08:05:21 CEST.

Flavor Version Tinstall Tcheck Ttotal Status Flags
r-devel-linux-x86_64-debian-clang 0.1.1 2.05 23.22 25.27 NOTE
r-devel-linux-x86_64-debian-gcc 0.1.1 1.70 17.70 19.40 NOTE
r-devel-linux-x86_64-fedora-clang 0.1.1 31.84 NOTE
r-devel-linux-x86_64-fedora-gcc 0.1.1 29.90 NOTE
r-devel-windows-x86_64 0.1.1 3.00 39.00 42.00 NOTE
r-patched-linux-x86_64 0.1.1 1.89 21.47 23.36 NOTE
r-release-linux-x86_64 0.1.1 1.69 22.02 23.71 NOTE
r-release-macos-arm64 0.1.1 15.00 NOTE
r-release-windows-x86_64 0.1.1 3.00 39.00 42.00 NOTE
r-oldrel-macos-arm64 0.1.1 14.00 NOTE
r-oldrel-macos-x86_64 0.1.1 20.00 NOTE
r-oldrel-windows-x86_64 0.1.1 2.00 39.00 41.00 NOTE

Check Details

Version: 0.1.1
Check: LazyData
Result: NOTE 'LazyData' is specified without a 'data' directory Flavors: r-devel-linux-x86_64-debian-clang, r-devel-linux-x86_64-debian-gcc, r-devel-linux-x86_64-fedora-clang, r-devel-linux-x86_64-fedora-gcc, r-devel-windows-x86_64, r-patched-linux-x86_64, r-release-linux-x86_64, r-release-macos-arm64, r-release-windows-x86_64, r-oldrel-macos-arm64, r-oldrel-macos-x86_64, r-oldrel-windows-x86_64