CRAN Package Check Results for Package RFmarkerDetector

Last updated on 2020-02-26 10:48:30 CET.

Flavor Version Tinstall Tcheck Ttotal Status Flags
r-devel-linux-x86_64-debian-clang 1.0.1 10.43 88.06 98.49 WARN
r-devel-linux-x86_64-debian-gcc 1.0.1 9.29 66.68 75.97 WARN
r-devel-linux-x86_64-fedora-clang 1.0.1 116.40 WARN
r-devel-linux-x86_64-fedora-gcc 1.0.1 116.15 WARN
r-devel-windows-ix86+x86_64 1.0.1 25.00 96.00 121.00 OK
r-devel-windows-ix86+x86_64-gcc8 1.0.1 24.00 97.00 121.00 OK
r-patched-linux-x86_64 1.0.1 8.66 77.07 85.73 WARN
r-patched-solaris-x86 1.0.1 162.10 WARN
r-release-linux-x86_64 1.0.1 8.94 76.44 85.38 OK
r-release-windows-ix86+x86_64 1.0.1 21.00 95.00 116.00 OK
r-release-osx-x86_64 1.0.1 OK
r-oldrel-windows-ix86+x86_64 1.0.1 15.00 92.00 107.00 OK
r-oldrel-osx-x86_64 1.0.1 OK

Check Details

Version: 1.0.1
Check: Rd \usage sections
Result: WARN
    Documented arguments not in \usage in documentation object 'plot.pca.loadings':
     '...'
    
    Functions with \usage entries need to have the appropriate \alias
    entries, and all their arguments documented.
    The \usage entries must correspond to syntactically valid R code.
    See chapter 'Writing R documentation files' in the 'Writing R
    Extensions' manual.
Flavors: r-devel-linux-x86_64-debian-clang, r-devel-linux-x86_64-debian-gcc, r-devel-linux-x86_64-fedora-clang, r-devel-linux-x86_64-fedora-gcc, r-patched-linux-x86_64, r-patched-solaris-x86