CRAN Package Check Results for Package REddyProcNCDF

Last updated on 2022-12-04 22:54:52 CET.

Flavor Version Tinstall Tcheck Ttotal Status Flags
r-devel-linux-x86_64-debian-clang 1.1.4 8.30 74.05 82.35 NOTE
r-devel-linux-x86_64-debian-gcc 1.1.4 6.12 55.34 61.46 NOTE
r-devel-linux-x86_64-fedora-clang 1.1.4 113.70 NOTE
r-devel-linux-x86_64-fedora-gcc 1.1.4 108.77 NOTE
r-devel-windows-x86_64 1.1.4 24.00 96.00 120.00 NOTE
r-patched-linux-x86_64 1.1.4 7.80 71.06 78.86 NOTE
r-release-linux-x86_64 1.1.4 5.83 70.98 76.81 NOTE
r-release-macos-arm64 1.1.4 30.00 NOTE
r-release-macos-x86_64 1.1.4 49.00 NOTE
r-release-windows-x86_64 1.1.4 26.00 102.00 128.00 NOTE
r-oldrel-macos-arm64 1.1.4 28.00 NOTE
r-oldrel-macos-x86_64 1.1.4 37.00 NOTE
r-oldrel-windows-ix86+x86_64 1.1.4 20.00 97.00 117.00 NOTE

Check Details

Version: 1.1.4
Check: LazyData
Result: NOTE
     'LazyData' is specified without a 'data' directory
Flavors: r-devel-linux-x86_64-debian-clang, r-devel-linux-x86_64-debian-gcc, r-devel-linux-x86_64-fedora-clang, r-devel-linux-x86_64-fedora-gcc, r-devel-windows-x86_64, r-patched-linux-x86_64, r-release-linux-x86_64, r-release-macos-arm64, r-release-macos-x86_64, r-release-windows-x86_64, r-oldrel-macos-arm64, r-oldrel-macos-x86_64, r-oldrel-windows-ix86+x86_64