CRAN Package Check Results for Package REBayes

Last updated on 2019-07-23 08:49:38 CEST.

Flavor Version Tinstall Tcheck Ttotal Status Flags
r-devel-linux-x86_64-debian-clang 1.8 8.73 61.61 70.34 OK --no-examples --no-tests --no-vignettes
r-devel-linux-x86_64-debian-gcc 1.8 7.37 49.25 56.62 OK --no-examples --no-tests --no-vignettes
r-devel-windows-ix86+x86_64 1.8 16.00 149.00 165.00 OK
r-patched-linux-x86_64 1.8 7.29 61.08 68.37 OK --no-examples --no-tests --no-vignettes
r-release-linux-x86_64 1.8 7.41 61.17 68.58 OK --no-examples --no-tests --no-vignettes
r-release-osx-x86_64 1.8 OK
r-oldrel-windows-ix86+x86_64 1.2 1.00 5.00 6.00 ERROR
r-oldrel-osx-x86_64 1.8 OK

Check Details

Version: 1.2
Check: package dependencies
Result: ERROR
    Package required but not available: 'Rmosek'
    
    See section 'The DESCRIPTION file' in the 'Writing R Extensions'
    manual.
Flavor: r-oldrel-windows-ix86+x86_64