CRAN Package Check Results for Package REBayes

Last updated on 2019-05-21 19:47:20 CEST.

Flavor Version Tinstall Tcheck Ttotal Status Flags
r-devel-linux-x86_64-debian-clang 1.8 9.19 62.42 71.61 OK --no-examples --no-tests --no-vignettes
r-devel-linux-x86_64-debian-gcc 1.8 6.39 48.48 54.87 OK --no-examples --no-tests --no-vignettes
r-devel-windows-ix86+x86_64 1.8 16.00 95.00 111.00 OK
r-patched-linux-x86_64 1.8 7.24 61.70 68.94 OK --no-examples --no-tests --no-vignettes
r-release-linux-x86_64 1.8 8.16 61.65 69.81 OK --no-examples --no-tests --no-vignettes
r-release-osx-x86_64 1.8 OK
r-oldrel-windows-ix86+x86_64 1.2 1.00 5.00 6.00 ERROR
r-oldrel-osx-x86_64 1.8 OK

Check Details

Version: 1.2
Check: package dependencies
Result: ERROR
    Package required but not available: 'Rmosek'
    
    See section 'The DESCRIPTION file' in the 'Writing R Extensions'
    manual.
Flavor: r-oldrel-windows-ix86+x86_64