CRAN Package Check Results for Package RDataCanvas

Last updated on 2021-06-23 02:51:05 CEST.

Flavor Version Tinstall Tcheck Ttotal Status Flags
r-devel-linux-x86_64-debian-clang 0.1 1.94 21.93 23.87 NOTE
r-devel-linux-x86_64-debian-gcc 0.1 1.52 17.46 18.98 NOTE
r-devel-linux-x86_64-fedora-clang 0.1 38.15 NOTE
r-devel-linux-x86_64-fedora-gcc 0.1 27.81 NOTE
r-devel-windows-x86_64 0.1 3.00 35.00 38.00 NOTE
r-devel-windows-x86_64-gcc10-UCRT 0.1 NOTE
r-patched-linux-x86_64 0.1 1.78 21.39 23.17 NOTE
r-patched-solaris-x86 0.1 43.90 NOTE
r-release-linux-x86_64 0.1 1.81 21.70 23.51 NOTE
r-release-macos-arm64 0.1 NOTE
r-release-macos-x86_64 0.1 NOTE
r-release-windows-ix86+x86_64 0.1 4.00 28.00 32.00 NOTE
r-oldrel-macos-x86_64 0.1 OK

Check Details

Version: 0.1
Check: LazyData
Result: NOTE
     'LazyData' is specified without a 'data' directory
Flavors: r-devel-linux-x86_64-debian-clang, r-devel-linux-x86_64-debian-gcc, r-devel-linux-x86_64-fedora-clang, r-devel-linux-x86_64-fedora-gcc, r-devel-windows-x86_64, r-devel-windows-x86_64-gcc10-UCRT, r-patched-linux-x86_64, r-patched-solaris-x86, r-release-linux-x86_64, r-release-macos-arm64, r-release-macos-x86_64, r-release-windows-ix86+x86_64