CRAN Package Check Results for Package RClimacell

Last updated on 2022-05-23 18:50:39 CEST.

Flavor Version Tinstall Tcheck Ttotal Status Flags
r-devel-linux-x86_64-debian-clang 0.1.4 7.91 69.52 77.43 NOTE
r-devel-linux-x86_64-debian-gcc 0.1.4 5.45 51.62 57.07 NOTE
r-devel-linux-x86_64-fedora-clang 0.1.4 91.14 NOTE
r-devel-linux-x86_64-fedora-gcc 0.1.4 87.37 NOTE
r-devel-windows-x86_64 0.1.4 15.00 89.00 104.00 NOTE
r-patched-linux-x86_64 0.1.4 5.50 64.57 70.07 NOTE
r-release-linux-x86_64 0.1.4 NOTE
r-release-macos-arm64 0.1.4 29.00 NOTE
r-release-macos-x86_64 0.1.4 46.00 NOTE
r-release-windows-x86_64 0.1.4 18.00 90.00 108.00 NOTE
r-oldrel-macos-arm64 0.1.4 29.00 NOTE
r-oldrel-macos-x86_64 0.1.4 42.00 NOTE
r-oldrel-windows-ix86+x86_64 0.1.4 18.00 76.00 94.00 NOTE

Check Details

Version: 0.1.4
Check: LazyData
Result: NOTE
     'LazyData' is specified without a 'data' directory
Flavors: r-devel-linux-x86_64-debian-clang, r-devel-linux-x86_64-debian-gcc, r-devel-linux-x86_64-fedora-clang, r-devel-linux-x86_64-fedora-gcc, r-devel-windows-x86_64, r-patched-linux-x86_64, r-release-linux-x86_64, r-release-macos-arm64, r-release-macos-x86_64, r-release-windows-x86_64, r-oldrel-macos-arm64, r-oldrel-macos-x86_64, r-oldrel-windows-ix86+x86_64