CRAN Package Check Results for Package RClickhouse

Last updated on 2021-06-25 02:52:07 CEST.

Flavor Version Tinstall Tcheck Ttotal Status Flags
r-devel-linux-x86_64-debian-clang 0.5.2 115.48 60.20 175.68 NOTE
r-devel-linux-x86_64-debian-gcc 0.5.2 76.55 45.65 122.20 NOTE
r-devel-linux-x86_64-fedora-clang 0.5.2 264.24 NOTE
r-devel-linux-x86_64-fedora-gcc 0.5.2 210.28 NOTE
r-devel-windows-x86_64 0.5.2 139.00 76.00 215.00 NOTE
r-devel-windows-x86_64-gcc10-UCRT 0.5.2 NOTE
r-patched-linux-x86_64 0.5.2 92.77 55.70 148.47 NOTE
r-patched-solaris-x86 0.5.2 203.50 NOTE
r-release-linux-x86_64 0.5.2 91.17 55.85 147.02 NOTE
r-release-macos-arm64 0.5.2 NOTE
r-release-macos-x86_64 0.5.2 NOTE
r-release-windows-ix86+x86_64 0.5.2 197.00 96.00 293.00 NOTE
r-oldrel-macos-x86_64 0.5.2 NOTE
r-oldrel-windows-ix86+x86_64 0.5.2 266.00 105.00 371.00 OK

Check Details

Version: 0.5.2
Check: LazyData
Result: NOTE
     'LazyData' is specified without a 'data' directory
Flavors: r-devel-linux-x86_64-debian-clang, r-devel-linux-x86_64-debian-gcc, r-devel-linux-x86_64-fedora-clang, r-devel-linux-x86_64-fedora-gcc, r-devel-windows-x86_64, r-devel-windows-x86_64-gcc10-UCRT, r-patched-linux-x86_64, r-patched-solaris-x86, r-release-linux-x86_64, r-release-macos-arm64, r-release-macos-x86_64, r-release-windows-ix86+x86_64

Version: 0.5.2
Check: installed package size
Result: NOTE
     installed size is 11.1Mb
     sub-directories of 1Mb or more:
     libs 10.8Mb
Flavors: r-devel-linux-x86_64-fedora-clang, r-release-macos-arm64, r-release-macos-x86_64, r-oldrel-macos-x86_64