CRAN Package Check Results for Package RCSF

Last updated on 2019-04-21 20:48:31 CEST.

Flavor Version Tinstall Tcheck Ttotal Status Flags
r-devel-linux-x86_64-debian-clang 1.0.1 34.02 31.01 65.03 OK
r-devel-linux-x86_64-debian-gcc 1.0.1 24.77 25.41 50.18 OK
r-devel-linux-x86_64-fedora-clang 1.0.1 100.28 OK
r-devel-linux-x86_64-fedora-gcc 1.0.1 83.24 OK
r-devel-windows-ix86+x86_64 1.0.1 99.00 93.00 192.00 OK
r-patched-linux-x86_64 1.0.1 29.30 30.77 60.07 OK
r-patched-solaris-x86 1.0.1 120.00 ERROR
r-release-linux-x86_64 1.0.1 27.76 29.43 57.19 OK
r-release-windows-ix86+x86_64 1.0.1 66.00 98.00 164.00 OK
r-release-osx-x86_64 1.0.1 OK
r-oldrel-windows-ix86+x86_64 1.0.1 64.00 87.00 151.00 OK
r-oldrel-osx-x86_64 1.0.1 OK

Check Details

Version: 1.0.1
Check: tests
Result: ERROR
     Running ‘testthat.R’ [18s/21s]
    Running the tests in ‘tests/testthat.R’ failed.
    Complete output:
     > library(testthat)
     > library(RCSF)
     >
     > test_check("RCSF")
     ── 1. Failure: csf algorithm works (@test-CSF.R#8) ────────────────────────────
     length(id_ground) not equal to `expected`.
     1/1 mismatches
     [1] 15456 - 15459 == -3
    
     ══ testthat results ═══════════════════════════════════════════════════════════
     OK: 0 SKIPPED: 0 FAILED: 1
     1. Failure: csf algorithm works (@test-CSF.R#8)
    
     Error: testthat unit tests failed
     Execution halted
Flavor: r-patched-solaris-x86