CRAN Package Check Results for Package RCSF

Last updated on 2020-04-01 11:49:05 CEST.

Flavor Version Tinstall Tcheck Ttotal Status Flags
r-devel-linux-x86_64-debian-clang 1.0.2 42.72 33.50 76.22 OK
r-devel-linux-x86_64-debian-gcc 1.0.2 25.12 27.30 52.42 OK
r-devel-linux-x86_64-fedora-clang 1.0.2 114.21 OK
r-devel-linux-x86_64-fedora-gcc 1.0.2 89.07 OK
r-devel-windows-ix86+x86_64 1.0.2 74.00 70.00 144.00 OK
r-devel-windows-ix86+x86_64-gcc8 1.0.2 92.00 74.00 166.00 OK
r-patched-linux-x86_64 1.0.2 30.87 33.17 64.04 OK
r-patched-solaris-x86 1.0.2 129.40 ERROR
r-release-linux-x86_64 1.0.2 30.83 31.23 62.06 OK
r-release-windows-ix86+x86_64 1.0.2 84.00 79.00 163.00 OK
r-release-osx-x86_64 1.0.2 OK
r-oldrel-windows-ix86+x86_64 1.0.2 100.00 94.00 194.00 OK
r-oldrel-osx-x86_64 1.0.2 OK

Check Details

Version: 1.0.2
Check: tests
Result: ERROR
     Running ‘testthat.R’ [17s/22s]
    Running the tests in ‘tests/testthat.R’ failed.
    Complete output:
     > library(testthat)
     > library(RCSF)
     >
     > test_check("RCSF")
     ── 1. Failure: csf algorithm works (@test-CSF.R#7) ────────────────────────────
     length(id_ground) %in% c(15459L, 15453L) isn't true.
    
     ══ testthat results ═══════════════════════════════════════════════════════════
     [ OK: 0 | SKIPPED: 0 | WARNINGS: 0 | FAILED: 1 ]
     1. Failure: csf algorithm works (@test-CSF.R#7)
    
     Error: testthat unit tests failed
     Execution halted
Flavor: r-patched-solaris-x86