CRAN Package Check Results for Package RCSF

Last updated on 2019-06-24 10:48:25 CEST.

Flavor Version Tinstall Tcheck Ttotal Status Flags
r-devel-linux-x86_64-debian-clang 1.0.1 33.47 30.25 63.72 OK
r-devel-linux-x86_64-debian-gcc 1.0.1 25.17 25.44 50.61 OK
r-devel-linux-x86_64-fedora-clang 1.0.1 100.75 OK
r-devel-linux-x86_64-fedora-gcc 1.0.1 81.32 OK
r-devel-windows-ix86+x86_64 1.0.1 100.00 92.00 192.00 OK
r-patched-linux-x86_64 1.0.1 30.42 31.07 61.49 OK
r-patched-solaris-x86 1.0.1 121.70 ERROR
r-release-linux-x86_64 1.0.1 31.08 30.90 61.98 OK
r-release-windows-ix86+x86_64 1.0.1 68.00 101.00 169.00 OK
r-release-osx-x86_64 1.0.1 OK
r-oldrel-windows-ix86+x86_64 1.0.1 63.00 69.00 132.00 OK
r-oldrel-osx-x86_64 1.0.1 OK

Check Details

Version: 1.0.1
Check: tests
Result: ERROR
     Running ‘testthat.R’ [16s/23s]
    Running the tests in ‘tests/testthat.R’ failed.
    Complete output:
     > library(testthat)
     > library(RCSF)
     >
     > test_check("RCSF")
     ── 1. Failure: csf algorithm works (@test-CSF.R#8) ────────────────────────────
     length(id_ground) not equal to `expected`.
     1/1 mismatches
     [1] 15456 - 15459 == -3
    
     ══ testthat results ═══════════════════════════════════════════════════════════
     OK: 0 SKIPPED: 0 WARNINGS: 0 FAILED: 1
     1. Failure: csf algorithm works (@test-CSF.R#8)
    
     Error: testthat unit tests failed
     Execution halted
Flavor: r-patched-solaris-x86