CRAN Package Check Results for Package RCPmod

Last updated on 2022-08-12 14:49:05 CEST.

Flavor Version Tinstall Tcheck Ttotal Status Flags
r-devel-linux-x86_64-debian-clang 2.190 24.02 85.65 109.67 WARN
r-devel-linux-x86_64-debian-gcc 2.190 18.01 65.58 83.59 OK
r-devel-linux-x86_64-fedora-clang 2.190 152.13 WARN
r-devel-linux-x86_64-fedora-gcc 2.190 150.18 OK
r-devel-windows-x86_64 2.190 32.00 122.00 154.00 OK
r-patched-linux-x86_64 2.190 21.44 81.97 103.41 OK
r-release-linux-x86_64 2.190 20.36 83.83 104.19 OK
r-release-macos-arm64 2.190 40.00 OK
r-release-macos-x86_64 2.190 56.00 OK
r-release-windows-x86_64 2.190 33.00 122.00 155.00 OK
r-oldrel-macos-arm64 2.190 44.00 OK
r-oldrel-macos-x86_64 2.190 68.00 OK
r-oldrel-windows-ix86+x86_64 2.190 58.00 141.00 199.00 OK

Additional issues

clang14

Check Details

Version: 2.190
Check: whether package can be installed
Result: WARN
    Found the following significant warnings:
     myDerivs4.cc:45:6: warning: use of bitwise '&' with boolean operands [-Wbitwise-instead-of-logical]
     myParms4.cc:79:6: warning: use of bitwise '&' with boolean operands [-Wbitwise-instead-of-logical]
Flavors: r-devel-linux-x86_64-debian-clang, r-devel-linux-x86_64-fedora-clang