Last updated on 2023-03-20 12:51:21 CET.
Flavor | Version | Tinstall | Tcheck | Ttotal | Status | Flags |
---|---|---|---|---|---|---|
r-devel-linux-x86_64-debian-clang | 1.1 | NOTE | ||||
r-devel-linux-x86_64-debian-gcc | 1.1 | 5.30 | 43.04 | 48.34 | NOTE | |
r-devel-linux-x86_64-fedora-clang | 1.1 | 80.37 | NOTE | |||
r-devel-linux-x86_64-fedora-gcc | 1.1 | 79.25 | NOTE | |||
r-devel-windows-x86_64 | 1.1 | 11.00 | 87.00 | 98.00 | NOTE | |
r-patched-linux-x86_64 | 1.1 | 6.38 | 54.44 | 60.82 | NOTE | |
r-release-linux-x86_64 | 1.1 | 4.51 | 55.68 | 60.19 | NOTE | |
r-release-macos-arm64 | 1.1 | 27.00 | NOTE | |||
r-release-macos-x86_64 | 1.1 | 67.00 | NOTE | |||
r-release-windows-x86_64 | 1.1 | 19.00 | 90.00 | 109.00 | NOTE | |
r-oldrel-macos-arm64 | 1.1 | 30.00 | NOTE | |||
r-oldrel-macos-x86_64 | 1.1 | 55.00 | NOTE | |||
r-oldrel-windows-ix86+x86_64 | 1.1 | 15.00 | 86.00 | 101.00 | NOTE |
Version: 1.1
Check: LazyData
Result: NOTE
'LazyData' is specified without a 'data' directory
Flavors: r-devel-linux-x86_64-debian-clang, r-devel-linux-x86_64-debian-gcc, r-devel-linux-x86_64-fedora-clang, r-devel-linux-x86_64-fedora-gcc, r-devel-windows-x86_64, r-patched-linux-x86_64, r-release-linux-x86_64, r-release-macos-arm64, r-release-macos-x86_64, r-release-windows-x86_64, r-oldrel-macos-arm64, r-oldrel-macos-x86_64, r-oldrel-windows-ix86+x86_64