CRAN Package Check Results for Package RBesT

Last updated on 2022-06-26 14:50:06 CEST.

Flavor Version Tinstall Tcheck Ttotal Status Flags
r-devel-linux-x86_64-debian-clang 1.6-3 158.41 406.19 564.60 NOTE
r-devel-linux-x86_64-debian-gcc 1.6-3 141.09 283.58 424.67 NOTE
r-devel-linux-x86_64-fedora-clang 1.6-3 675.68 NOTE
r-devel-linux-x86_64-fedora-gcc 1.6-3 737.14 NOTE
r-devel-windows-x86_64 1.6-3 144.00 543.00 687.00 NOTE
r-patched-linux-x86_64 1.6-3 144.17 373.65 517.82 NOTE
r-release-linux-x86_64 1.6-3 114.38 374.03 488.41 NOTE
r-release-macos-arm64 1.6-3 205.00 NOTE
r-release-macos-x86_64 1.6-3 339.00 NOTE
r-release-windows-x86_64 1.6-3 150.00 482.00 632.00 NOTE
r-oldrel-macos-arm64 1.6-3 241.00 NOTE
r-oldrel-macos-x86_64 1.6-3 235.00 NOTE
r-oldrel-windows-ix86+x86_64 1.6-3 332.00 548.00 880.00 NOTE

Check Details

Version: 1.6-3
Check: for GNU extensions in Makefiles
Result: NOTE
    GNU make is a SystemRequirements.
Flavors: r-devel-linux-x86_64-debian-clang, r-devel-linux-x86_64-debian-gcc, r-devel-linux-x86_64-fedora-clang, r-devel-linux-x86_64-fedora-gcc, r-devel-windows-x86_64, r-patched-linux-x86_64, r-release-linux-x86_64, r-release-macos-arm64, r-release-macos-x86_64, r-release-windows-x86_64, r-oldrel-macos-arm64, r-oldrel-macos-x86_64, r-oldrel-windows-ix86+x86_64

Version: 1.6-3
Check: installed package size
Result: NOTE
     installed size is 27.2Mb
     sub-directories of 1Mb or more:
     doc 2.0Mb
     libs 24.3Mb
Flavors: r-devel-linux-x86_64-fedora-clang, r-release-macos-arm64, r-release-macos-x86_64, r-oldrel-macos-arm64, r-oldrel-macos-x86_64, r-oldrel-windows-ix86+x86_64