CRAN Package Check Results for Package RBPcurve

Last updated on 2019-04-24 14:47:40 CEST.

Flavor Version Tinstall Tcheck Ttotal Status Flags
r-devel-linux-x86_64-debian-clang 1.2 7.68 74.42 82.10 OK
r-devel-linux-x86_64-debian-gcc 1.2 7.26 58.66 65.92 OK
r-devel-linux-x86_64-fedora-clang 1.2 98.02 OK
r-devel-linux-x86_64-fedora-gcc 1.2 94.50 OK
r-devel-windows-ix86+x86_64 1.2 23.00 108.00 131.00 OK
r-patched-linux-x86_64 1.2 7.81 73.22 81.03 OK
r-patched-solaris-x86 1.2 156.10 OK
r-release-linux-x86_64 1.2 4.56 71.28 75.84 OK
r-release-windows-ix86+x86_64 1.2 10.00 78.00 88.00 WARN
r-release-osx-x86_64 1.2 OK
r-oldrel-windows-ix86+x86_64 1.2 14.00 98.00 112.00 OK
r-oldrel-osx-x86_64 1.2 OK

Check Details

Version: 1.2
Check: whether package can be installed
Result: WARN
    Found the following significant warnings:
     Warning: S3 methods '[.fun_list', '[.grouped_df', 'all.equal.tbl_df', 'anti_join.data.frame', 'anti_join.tbl_df', 'arrange.data.frame', 'arrange.default', 'arrange.grouped_df', 'arrange.tbl_df', 'arrange_.data.frame', 'arrange_.tbl_df', 'as.data.frame.grouped_df', 'as.data.frame.rowwise_df', 'as.data.frame.tbl_cube', 'as.table.tbl_cube', 'as.tbl.data.frame', 'as.tbl.tbl', 'as.tbl_cube.array', 'as.tbl_cube.data.frame', 'as.tbl_cube.matrix', 'as.tbl_cube.table', 'as_tibble.grouped_df', 'as_tibble.tbl_cube', 'auto_copy.tbl_cube', 'auto_copy.tbl_df', 'cbind.grouped_df', 'collapse.data.frame', 'collect.data.frame', 'common_by.NULL', 'common_by.character', 'common_by.default', 'common_by.list', 'compute.data.frame', 'copy_to.DBIConnection', 'copy_to.src_local', 'default_missing.data.frame', 'default_missing.default', 'dim.tbl_cube', 'distinct.data.frame', 'distinct.default', 'distinct.grouped_df', 'distinct.tbl_df', 'distinct_.data.frame', 'distinct_.grouped_df', 'distinct_.tbl_df', 'do.NULL', 'do.da [... truncated]
Flavor: r-release-windows-ix86+x86_64