CRAN Package Check Results for Package RApiDatetime

Last updated on 2024-03-01 02:52:01 CET.

Flavor Version Tinstall Tcheck Ttotal Status Flags
r-devel-linux-x86_64-debian-clang 0.0.9 4.66 21.25 25.91 OK
r-devel-linux-x86_64-debian-gcc 0.0.9 3.53 16.86 20.39 OK
r-devel-linux-x86_64-fedora-clang 0.0.9 31.73 OK
r-devel-linux-x86_64-fedora-gcc 0.0.9 31.28 OK
r-devel-windows-x86_64 0.0.8 8.00 39.00 47.00 NOTE
r-patched-linux-x86_64 0.0.9 4.27 20.93 25.20 OK
r-release-linux-x86_64 0.0.9 4.85 20.99 25.84 OK
r-release-macos-arm64 0.0.9 20.00 OK
r-release-macos-x86_64 0.0.9 31.00 OK
r-release-windows-x86_64 0.0.8 8.00 40.00 48.00 OK
r-oldrel-macos-arm64 0.0.9 20.00 OK
r-oldrel-windows-x86_64 0.0.8 33.00 45.00 78.00 OK

Check Details

Version: 0.0.8
Check: Rd contents
Result: NOTE Auto-generated content requiring editing in Rd file 'RApiDatetime-package.Rd': \references: 'This optional section can contain literature or other refere...' \seealso: 'Optional links to other man pages' \examples: '# Optional simple examples of the most important functions' Flavor: r-devel-windows-x86_64