CRAN Package Check Results for Package RATest

Last updated on 2021-09-19 13:49:29 CEST.

Flavor Version Tinstall Tcheck Ttotal Status Flags
r-devel-linux-x86_64-debian-clang 0.1.9 12.60 327.07 339.67 OK
r-devel-linux-x86_64-debian-gcc 0.1.9 11.24 220.58 231.82 OK
r-devel-linux-x86_64-fedora-clang 0.1.9 387.75 OK
r-devel-linux-x86_64-fedora-gcc 0.1.9 366.84 OK
r-devel-windows-x86_64 0.1.9 14.00 342.00 356.00 OK
r-devel-windows-x86_64-gcc10-UCRT 0.1.9 ERROR
r-patched-linux-x86_64 0.1.9 12.78 298.53 311.31 OK
r-patched-solaris-x86 0.1.9 544.30 OK
r-release-linux-x86_64 0.1.9 11.63 291.53 303.16 OK
r-release-macos-arm64 0.1.9 OK
r-release-macos-x86_64 0.1.9 OK
r-release-windows-ix86+x86_64 0.1.9 27.00 385.00 412.00 OK
r-oldrel-macos-x86_64 0.1.9 OK
r-oldrel-windows-ix86+x86_64 0.1.9 29.00 388.00 417.00 OK

Check Details

Version: 0.1.9
Check: whether package can be installed
Result: WARN
    Found the following significant warnings:
     WARNING: installation-time patches will not be applied, could not get the patches index
Flavor: r-devel-windows-x86_64-gcc10-UCRT

Version: 0.1.9
Check: PDF version of manual
Result: WARN
    LaTeX errors when creating PDF version.
    This typically indicates Rd problems.
Flavor: r-devel-windows-x86_64-gcc10-UCRT

Version: 0.1.9
Check: PDF version of manual without hyperrefs or index
Result: ERROR
    Re-running with no redirection of stdout/stderr.
Flavor: r-devel-windows-x86_64-gcc10-UCRT