CRAN Package Check Results for Package RANN.L1

Last updated on 2019-03-24 19:48:14 CET.

Flavor Version Tinstall Tcheck Ttotal Status Flags
r-devel-linux-x86_64-debian-clang 2.5.2 12.05 17.70 29.75 OK
r-devel-linux-x86_64-debian-gcc 2.5.2 8.80 14.41 23.21 OK
r-devel-linux-x86_64-fedora-clang 2.5.2 47.32 NOTE
r-devel-linux-x86_64-fedora-gcc 2.5.2 36.17 NOTE
r-devel-windows-ix86+x86_64 2.5.2 43.00 59.00 102.00 OK
r-patched-linux-x86_64 2.5.2 10.97 16.39 27.36 OK
r-patched-solaris-x86 2.5.2 53.80 OK
r-release-linux-x86_64 2.5.2 10.04 16.55 26.59 OK
r-release-windows-ix86+x86_64 2.5.2 29.00 43.00 72.00 OK
r-release-osx-x86_64 2.5.2 OK
r-oldrel-windows-ix86+x86_64 2.5.2 28.00 44.00 72.00 OK
r-oldrel-osx-x86_64 2.5.2 OK

Check Details

Version: 2.5.2
Check: compiled code
Result: NOTE
    File ‘RANN.L1/libs/RANN.L1.so’:
     Found no calls to: ‘R_registerRoutines’, ‘R_useDynamicSymbols’
    
    It is good practice to register native routines and to disable symbol
    search.
    
    See ‘Writing portable packages’ in the ‘Writing R Extensions’ manual.
Flavors: r-devel-linux-x86_64-fedora-clang, r-devel-linux-x86_64-fedora-gcc