CRAN Package Check Results for Package RANN.L1

Last updated on 2019-05-21 17:48:32 CEST.

Flavor Version Tinstall Tcheck Ttotal Status Flags
r-devel-linux-x86_64-debian-clang 2.5.2 11.98 17.53 29.51 OK
r-devel-linux-x86_64-debian-gcc 2.5.2 8.57 14.28 22.85 OK
r-devel-linux-x86_64-fedora-clang 2.5.2 47.16 NOTE
r-devel-linux-x86_64-fedora-gcc 2.5.2 35.92 NOTE
r-devel-windows-ix86+x86_64 2.5.2 29.00 61.00 90.00 OK
r-patched-linux-x86_64 2.5.2 10.49 17.55 28.04 OK
r-patched-solaris-x86 2.5.2 76.10 OK
r-release-linux-x86_64 2.5.2 10.14 17.71 27.85 OK
r-release-windows-ix86+x86_64 2.5.2 31.00 61.00 92.00 OK
r-release-osx-x86_64 2.5.2 OK
r-oldrel-windows-ix86+x86_64 2.5.2 27.00 43.00 70.00 OK
r-oldrel-osx-x86_64 2.5.2 OK

Check Details

Version: 2.5.2
Check: compiled code
Result: NOTE
    File ‘RANN.L1/libs/RANN.L1.so’:
     Found no calls to: ‘R_registerRoutines’, ‘R_useDynamicSymbols’
    
    It is good practice to register native routines and to disable symbol
    search.
    
    See ‘Writing portable packages’ in the ‘Writing R Extensions’ manual.
Flavors: r-devel-linux-x86_64-fedora-clang, r-devel-linux-x86_64-fedora-gcc