CRAN Package Check Results for Package RAMpath

Last updated on 2019-08-24 22:46:35 CEST.

Flavor Version Tinstall Tcheck Ttotal Status Flags
r-devel-linux-x86_64-debian-clang 0.4 5.69 48.46 54.15 NOTE
r-devel-linux-x86_64-debian-gcc 0.4 4.82 38.46 43.28 NOTE
r-devel-linux-x86_64-fedora-clang 0.4 62.50 NOTE
r-devel-linux-x86_64-fedora-gcc 0.4 60.58 NOTE
r-devel-windows-ix86+x86_64 0.4 13.00 57.00 70.00 OK
r-patched-linux-x86_64 0.4 5.30 48.10 53.40 OK
r-patched-solaris-x86 0.4 91.10 OK
r-release-linux-x86_64 0.4 4.51 48.06 52.57 OK
r-release-windows-ix86+x86_64 0.4 19.00 83.00 102.00 OK
r-release-osx-x86_64 0.4 OK
r-oldrel-windows-ix86+x86_64 0.4 13.00 74.00 87.00 OK
r-oldrel-osx-x86_64 0.4 OK

Check Details

Version: 0.4
Check: for non-standard things in the check directory
Result: NOTE
    Found the following files/directories:
     'blcs.dot' 'ex1.dot' 'ex1bridge1.dot' 'ex1bridge2.dot'
     'ex1bridge3.dot' 'ex1effect1.dot' 'ex1effect2.dot' 'gcmlinear.dot'
     'latent.dot' 'lcs.dot' 'mimic.dot'
Flavors: r-devel-linux-x86_64-debian-clang, r-devel-linux-x86_64-debian-gcc, r-devel-linux-x86_64-fedora-clang, r-devel-linux-x86_64-fedora-gcc