CRAN Package Check Results for Package RAMClustR

Last updated on 2021-08-05 10:52:06 CEST.

Flavor Version Tinstall Tcheck Ttotal Status Flags
r-devel-linux-x86_64-debian-clang 1.2.1 15.04 104.92 119.96 OK
r-devel-linux-x86_64-debian-gcc 1.2.1 13.95 78.22 92.17 OK
r-devel-linux-x86_64-fedora-clang 1.2.1 159.21 NOTE
r-devel-linux-x86_64-fedora-gcc 1.2.1 153.30 NOTE
r-devel-windows-x86_64 1.2.1 24.00 125.00 149.00 OK
r-devel-windows-x86_64-gcc10-UCRT 1.2.1 ERROR
r-patched-linux-x86_64 1.2.1 14.45 100.53 114.98 OK
r-release-linux-x86_64 1.2.1 13.93 99.75 113.68 OK
r-release-macos-arm64 1.2.1 ERROR
r-release-macos-x86_64 1.2.1 ERROR
r-release-windows-ix86+x86_64 1.2.1 36.00 119.00 155.00 OK
r-oldrel-macos-x86_64 1.2.1 ERROR
r-oldrel-windows-ix86+x86_64 1.2.1 31.00 123.00 154.00 OK

Check Details

Version: 1.2.1
Check: dependencies in R code
Result: NOTE
    Namespaces in Imports field not imported from:
     ‘BiocManager’ ‘stringi’ ‘xml2’
     All declared Imports should be used.
Flavors: r-devel-linux-x86_64-fedora-clang, r-devel-linux-x86_64-fedora-gcc

Version: 1.2.1
Check: package dependencies
Result: ERROR
    Packages required but not available: 'webchem', 'MSnbase', 'ggplot2'
    
    Package suggested but not available for checking: 'xcms'
    
    See section 'The DESCRIPTION file' in the 'Writing R Extensions'
    manual.
Flavor: r-devel-windows-x86_64-gcc10-UCRT

Version: 1.2.1
Check: package dependencies
Result: ERROR
    Packages required but not available:
     'InterpretMSSpectrum', 'pcaMethods', 'MSnbase'
    
    Package suggested but not available for checking: ‘xcms’
    
    See section ‘The DESCRIPTION file’ in the ‘Writing R Extensions’
    manual.
Flavor: r-release-macos-arm64

Version: 1.2.1
Check: package dependencies
Result: ERROR
    Package required but not available: ‘InterpretMSSpectrum’
    
    See section ‘The DESCRIPTION file’ in the ‘Writing R Extensions’
    manual.
Flavors: r-release-macos-x86_64, r-oldrel-macos-x86_64