CRAN Package Check Results for Package RAINBOWR

Last updated on 2024-03-01 23:57:30 CET.

Flavor Version Tinstall Tcheck Ttotal Status Flags
r-devel-linux-x86_64-debian-clang 0.1.33 96.04 227.70 323.74 NOTE
r-devel-linux-x86_64-debian-gcc 0.1.33 20.86 2.03 22.89 ERROR
r-devel-linux-x86_64-fedora-clang 0.1.33 61.23 ERROR
r-devel-linux-x86_64-fedora-gcc 0.1.33 68.22 ERROR
r-devel-windows-x86_64 0.1.33 74.00 196.00 270.00 OK
r-patched-linux-x86_64 0.1.33 75.22 229.46 304.68 OK
r-release-linux-x86_64 0.1.33 19.77 2.73 22.50 ERROR
r-release-macos-arm64 0.1.33 142.00 NOTE
r-release-macos-x86_64 0.1.33 233.00 NOTE
r-release-windows-x86_64 0.1.33 32.00 6.00 38.00 ERROR
r-oldrel-macos-arm64 0.1.33 150.00 NOTE
r-oldrel-windows-x86_64 0.1.33 89.00 244.00 333.00 OK

Check Details

Version: 0.1.33
Check: package dependencies
Result: NOTE Package suggested but not available for checking: ‘ggtree’ Flavor: r-devel-linux-x86_64-debian-clang

Version: 0.1.33
Check: Rd files
Result: NOTE checkRd: (-1) RGWAS.epistasis.Rd:46: Lost braces; missing escapes or markup? 46 | Columns 4 and higher contain the marker scores for each line, coded as {-1, 0, 1} = {aa, Aa, AA}.} | ^ checkRd: (-1) RGWAS.epistasis.Rd:46: Lost braces; missing escapes or markup? 46 | Columns 4 and higher contain the marker scores for each line, coded as {-1, 0, 1} = {aa, Aa, AA}.} | ^ checkRd: (-1) RGWAS.multisnp.Rd:59: Lost braces; missing escapes or markup? 59 | Columns 4 and higher contain the marker scores for each line, coded as {-1, 0, 1} = {aa, Aa, AA}.} | ^ checkRd: (-1) RGWAS.multisnp.Rd:59: Lost braces; missing escapes or markup? 59 | Columns 4 and higher contain the marker scores for each line, coded as {-1, 0, 1} = {aa, Aa, AA}.} | ^ checkRd: (-1) RGWAS.multisnp.interaction.Rd:62: Lost braces; missing escapes or markup? 62 | Columns 4 and higher contain the marker scores for each line, coded as {-1, 0, 1} = {aa, Aa, AA}.} | ^ checkRd: (-1) RGWAS.multisnp.interaction.Rd:62: Lost braces; missing escapes or markup? 62 | Columns 4 and higher contain the marker scores for each line, coded as {-1, 0, 1} = {aa, Aa, AA}.} | ^ checkRd: (-1) RGWAS.normal.Rd:47: Lost braces; missing escapes or markup? 47 | Columns 4 and higher contain the marker scores for each line, coded as {-1, 0, 1} = {aa, Aa, AA}.} | ^ checkRd: (-1) RGWAS.normal.Rd:47: Lost braces; missing escapes or markup? 47 | Columns 4 and higher contain the marker scores for each line, coded as {-1, 0, 1} = {aa, Aa, AA}.} | ^ checkRd: (-1) RGWAS.normal.interaction.Rd:55: Lost braces; missing escapes or markup? 55 | Columns 4 and higher contain the marker scores for each line, coded as {-1, 0, 1} = {aa, Aa, AA}.} | ^ checkRd: (-1) RGWAS.normal.interaction.Rd:55: Lost braces; missing escapes or markup? 55 | Columns 4 and higher contain the marker scores for each line, coded as {-1, 0, 1} = {aa, Aa, AA}.} | ^ checkRd: (-1) RGWAS.twostep.Rd:71: Lost braces; missing escapes or markup? 71 | Columns 4 and higher contain the marker scores for each line, coded as {-1, 0, 1} = {aa, Aa, AA}.} | ^ checkRd: (-1) RGWAS.twostep.Rd:71: Lost braces; missing escapes or markup? 71 | Columns 4 and higher contain the marker scores for each line, coded as {-1, 0, 1} = {aa, Aa, AA}.} | ^ checkRd: (-1) RGWAS.twostep.epi.Rd:63: Lost braces; missing escapes or markup? 63 | Columns 4 and higher contain the marker scores for each line, coded as {-1, 0, 1} = {aa, Aa, AA}.} | ^ checkRd: (-1) RGWAS.twostep.epi.Rd:63: Lost braces; missing escapes or markup? 63 | Columns 4 and higher contain the marker scores for each line, coded as {-1, 0, 1} = {aa, Aa, AA}.} | ^ checkRd: (-1) Rice_geno_score.Rd:17: Lost braces; missing escapes or markup? 17 | A dataset containing the information of marker genotype (scored with {-1, 0, 1}) | ^ checkRd: (-1) SS_gwas.Rd:28: Lost braces; missing escapes or markup? 28 | \item{x}{A N (lines) x M (markers) marker genotype data (matrix), coded as {-1, 0, 1} = {aa, Aa, AA}.} | ^ checkRd: (-1) SS_gwas.Rd:28: Lost braces; missing escapes or markup? 28 | \item{x}{A N (lines) x M (markers) marker genotype data (matrix), coded as {-1, 0, 1} = {aa, Aa, AA}.} | ^ checkRd: (-1) estNetwork.Rd:86: Lost braces; missing escapes or markup? 86 | Columns 4 and higher contain the marker scores for each line, coded as {-1, 0, 1} = {aa, Aa, AA}.} | ^ checkRd: (-1) estNetwork.Rd:86: Lost braces; missing escapes or markup? 86 | Columns 4 and higher contain the marker scores for each line, coded as {-1, 0, 1} = {aa, Aa, AA}.} | ^ checkRd: (-1) estNetwork.Rd:139: Lost braces; missing escapes or markup? 139 | complemented haplotype will consist of only homozygous sites ({-1, 1}). | ^ checkRd: (-1) estNetwork.Rd:140: Lost braces; missing escapes or markup? 140 | If FALSE, complemented haplotype will consist of both homozygous & heterozygous sites ({-1, 0, 1}).} | ^ checkRd: (-1) estPhylo.Rd:78: Lost braces; missing escapes or markup? 78 | Columns 4 and higher contain the marker scores for each line, coded as {-1, 0, 1} = {aa, Aa, AA}.} | ^ checkRd: (-1) estPhylo.Rd:78: Lost braces; missing escapes or markup? 78 | Columns 4 and higher contain the marker scores for each line, coded as {-1, 0, 1} = {aa, Aa, AA}.} | ^ Flavor: r-devel-linux-x86_64-debian-clang

Version: 0.1.33
Check: whether package can be installed
Result: ERROR Installation failed. Flavors: r-devel-linux-x86_64-debian-gcc, r-devel-linux-x86_64-fedora-clang, r-devel-linux-x86_64-fedora-gcc, r-release-linux-x86_64, r-release-windows-x86_64

Version: 0.1.33
Check: installed package size
Result: NOTE installed size is 28.8Mb sub-directories of 1Mb or more: libs 27.4Mb Flavors: r-release-macos-arm64, r-release-macos-x86_64, r-oldrel-macos-arm64