CRAN Package Check Results for Package RADstackshelpR

Last updated on 2025-01-17 04:49:25 CET.

Flavor Version Tinstall Tcheck Ttotal Status Flags
r-devel-linux-x86_64-debian-clang 0.1.0 2.19 36.23 38.42 OK
r-devel-linux-x86_64-debian-gcc 0.1.0 1.57 28.38 29.95 OK
r-devel-linux-x86_64-fedora-clang 0.1.0 63.65 NOTE
r-devel-linux-x86_64-fedora-gcc 0.1.0 75.41 NOTE
r-devel-windows-x86_64 0.1.0 6.00 57.00 63.00 OK
r-patched-linux-x86_64 0.1.0 2.20 34.18 36.38 OK
r-release-linux-x86_64 0.1.0 1.81 34.51 36.32 OK
r-release-macos-arm64 0.1.0 28.00 OK
r-release-macos-x86_64 0.1.0 42.00 OK
r-release-windows-x86_64 0.1.0 4.00 56.00 60.00 OK
r-oldrel-macos-arm64 0.1.0 32.00 OK
r-oldrel-macos-x86_64 0.1.0 35.00 OK
r-oldrel-windows-x86_64 0.1.0 5.00 58.00 63.00 OK

Check Details

Version: 0.1.0
Check: dependencies in R code
Result: NOTE Namespace in Imports field not imported from: ‘gridExtra’ All declared Imports should be used. Flavors: r-devel-linux-x86_64-fedora-clang, r-devel-linux-x86_64-fedora-gcc