CRAN Package Check Results for Package R2WinBUGS

Last updated on 2024-06-22 00:58:06 CEST.

Flavor Version Tinstall Tcheck Ttotal Status Flags
r-devel-linux-x86_64-debian-clang 2.1-22.1 5.55 51.08 56.63 NOTE
r-devel-linux-x86_64-debian-gcc 2.1-22.1 3.25 38.82 42.07 NOTE
r-devel-linux-x86_64-fedora-clang 2.1-22.1 70.75 OK
r-devel-linux-x86_64-fedora-gcc 2.1-22.1 78.78 OK
r-devel-windows-x86_64 2.1-22.1 6.00 80.00 86.00 NOTE
r-patched-linux-x86_64 2.1-22.1 6.26 50.14 56.40 NOTE
r-release-linux-x86_64 2.1-22.1 4.71 49.07 53.78 NOTE
r-release-macos-arm64 2.1-22.1 35.00 NOTE
r-release-macos-x86_64 2.1-22.1 52.00 NOTE
r-release-windows-x86_64 2.1-22.1 5.00 84.00 89.00 NOTE
r-oldrel-macos-arm64 2.1-22.1 47.00 NOTE
r-oldrel-macos-x86_64 2.1-22.1 131.00 NOTE
r-oldrel-windows-x86_64 2.1-22.1 7.00 78.00 85.00 NOTE

Check Details

Version: 2.1-22.1
Check: R code for possible problems
Result: NOTE Found the following calls to attach(): File ‘R2WinBUGS/R/attach.all.R’: attach(x, name = name) See section ‘Good practice’ in ‘?attach’. Flavors: r-devel-linux-x86_64-debian-clang, r-devel-linux-x86_64-debian-gcc, r-patched-linux-x86_64, r-release-linux-x86_64

Version: 2.1-22.1
Check: package dependencies
Result: NOTE Package suggested but not available for checking: 'BRugs' Flavors: r-devel-windows-x86_64, r-release-macos-arm64, r-release-macos-x86_64, r-release-windows-x86_64, r-oldrel-macos-arm64, r-oldrel-macos-x86_64, r-oldrel-windows-x86_64

Version: 2.1-22.1
Check: Rd cross-references
Result: NOTE Package unavailable to check Rd xrefs: ‘BRugs’ Flavors: r-release-macos-arm64, r-release-macos-x86_64, r-oldrel-macos-arm64, r-oldrel-macos-x86_64