Last updated on 2022-08-08 22:55:54 CEST.
Flavor | Version | Tinstall | Tcheck | Ttotal | Status | Flags |
---|---|---|---|---|---|---|
r-devel-linux-x86_64-debian-clang | 1.0.4 | 10.10 | 80.31 | 90.41 | NOTE | |
r-devel-linux-x86_64-debian-gcc | 1.0.4 | 7.61 | 60.41 | 68.02 | NOTE | |
r-devel-linux-x86_64-fedora-clang | 1.0.4 | 119.74 | NOTE | |||
r-devel-linux-x86_64-fedora-gcc | 1.0.4 | 129.21 | NOTE | |||
r-devel-windows-x86_64 | 1.0.4 | 20.00 | 101.00 | 121.00 | NOTE | |
r-patched-linux-x86_64 | 1.0.4 | 12.89 | 76.31 | 89.20 | NOTE | |
r-release-linux-x86_64 | 1.0.4 | NOTE | ||||
r-release-macos-arm64 | 1.0.4 | 26.00 | NOTE | |||
r-release-macos-x86_64 | 1.0.4 | 57.00 | NOTE | |||
r-release-windows-x86_64 | 1.0.4 | 24.00 | 103.00 | 127.00 | NOTE | |
r-oldrel-macos-arm64 | 1.0.4 | 148.00 | NOTE | |||
r-oldrel-macos-x86_64 | 1.0.4 | 41.00 | NOTE | |||
r-oldrel-windows-ix86+x86_64 | 1.0.4 | 26.00 | 108.00 | 134.00 | NOTE |
Version: 1.0.4
Check: package dependencies
Result: NOTE
Package suggested but not available for checking: 'ReGenesees'
Flavors: r-devel-linux-x86_64-debian-clang, r-devel-linux-x86_64-debian-gcc, r-devel-linux-x86_64-fedora-clang, r-devel-linux-x86_64-fedora-gcc, r-devel-windows-x86_64, r-patched-linux-x86_64, r-release-linux-x86_64, r-release-macos-arm64, r-release-macos-x86_64, r-release-windows-x86_64, r-oldrel-macos-arm64, r-oldrel-macos-x86_64, r-oldrel-windows-ix86+x86_64