CRAN Package Check Results for Package R.temis

Last updated on 2019-04-25 15:54:13 CEST.

Flavor Version Tinstall Tcheck Ttotal Status Flags
r-devel-linux-x86_64-debian-clang 0.1.1 6.60 63.62 70.22 OK
r-devel-linux-x86_64-debian-gcc 0.1.1 5.14 48.43 53.57 OK
r-devel-linux-x86_64-fedora-clang 0.1.1 80.34 NOTE
r-devel-linux-x86_64-fedora-gcc 0.1.1 81.05 NOTE
r-devel-windows-ix86+x86_64 0.1.1 18.00 84.00 102.00 OK
r-patched-linux-x86_64 0.1.1 5.91 61.15 67.06 OK
r-patched-solaris-x86 0.1.1 134.50 NOTE
r-release-linux-x86_64 0.1.1 4.21 60.67 64.88 OK
r-release-windows-ix86+x86_64 0.1.1 10.00 83.00 93.00 OK
r-release-osx-x86_64 0.1.1 NOTE
r-oldrel-windows-ix86+x86_64 0.1.1 8.00 86.00 94.00 OK
r-oldrel-osx-x86_64 0.1.1 NOTE

Check Details

Version: 0.1.1
Check: dependencies in R code
Result: NOTE
    Namespace in Imports field not imported from: ‘testthat’
     All declared Imports should be used.
Flavors: r-devel-linux-x86_64-fedora-clang, r-devel-linux-x86_64-fedora-gcc, r-patched-solaris-x86, r-release-osx-x86_64, r-oldrel-osx-x86_64