CRAN Package Check Results for Package R.temis

Last updated on 2019-08-24 06:47:28 CEST.

Flavor Version Tinstall Tcheck Ttotal Status Flags
r-devel-linux-x86_64-debian-clang 0.1.2 6.57 65.30 71.87 OK
r-devel-linux-x86_64-debian-gcc 0.1.2 5.85 49.11 54.96 OK
r-devel-linux-x86_64-fedora-clang 0.1.2 83.85 NOTE
r-devel-linux-x86_64-fedora-gcc 0.1.2 82.10 NOTE
r-devel-windows-ix86+x86_64 0.1.2 19.00 145.00 164.00 OK
r-patched-linux-x86_64 0.1.2 6.97 62.94 69.91 OK
r-patched-solaris-x86 0.1.2 135.40 NOTE
r-release-linux-x86_64 0.1.2 6.98 62.07 69.05 OK
r-release-windows-ix86+x86_64 0.1.2 38.00 113.00 151.00 OK
r-release-osx-x86_64 0.1.2 NOTE
r-oldrel-windows-ix86+x86_64 0.1.2 13.00 111.00 124.00 OK
r-oldrel-osx-x86_64 0.1.2 NOTE

Check Details

Version: 0.1.2
Check: dependencies in R code
Result: NOTE
    Namespace in Imports field not imported from: ‘testthat’
     All declared Imports should be used.
Flavors: r-devel-linux-x86_64-fedora-clang, r-devel-linux-x86_64-fedora-gcc, r-patched-solaris-x86, r-release-osx-x86_64, r-oldrel-osx-x86_64