CRAN Package Check Results for Package R.temis

Last updated on 2019-02-21 07:48:48 CET.

Flavor Version Tinstall Tcheck Ttotal Status Flags
r-devel-linux-x86_64-debian-clang 0.1.1 5.28 66.99 72.27 OK
r-devel-linux-x86_64-debian-gcc 0.1.1 3.67 49.49 53.16 OK
r-devel-linux-x86_64-fedora-clang 0.1.1 86.09 NOTE
r-devel-linux-x86_64-fedora-gcc 0.1.1 79.30 NOTE
r-devel-windows-ix86+x86_64 0.1.1 21.00 126.00 147.00 OK
r-patched-linux-x86_64 0.1.1 OK
r-patched-solaris-x86 0.1.1 129.50 NOTE
r-release-linux-x86_64 0.1.1 OK
r-release-windows-ix86+x86_64 0.1.1 11.00 130.00 141.00 OK
r-release-osx-x86_64 0.1.1 NOTE
r-oldrel-windows-ix86+x86_64 0.1.1 8.00 90.00 98.00 OK
r-oldrel-osx-x86_64 0.1.1 NOTE

Check Details

Version: 0.1.1
Check: dependencies in R code
Result: NOTE
    Namespace in Imports field not imported from: ‘testthat’
     All declared Imports should be used.
Flavors: r-devel-linux-x86_64-fedora-clang, r-devel-linux-x86_64-fedora-gcc, r-patched-solaris-x86, r-release-osx-x86_64, r-oldrel-osx-x86_64