Last updated on 2023-11-30 07:52:46 CET.
Flavor | Version | Tinstall | Tcheck | Ttotal | Status | Flags |
---|---|---|---|---|---|---|
r-devel-linux-x86_64-debian-clang | 0.45.0 | 13.16 | 181.20 | 194.36 | NOTE | |
r-devel-linux-x86_64-debian-gcc | 0.45.0 | 11.94 | 140.12 | 152.06 | NOTE | |
r-devel-linux-x86_64-fedora-clang | 0.45.0 | 248.06 | NOTE | |||
r-devel-linux-x86_64-fedora-gcc | 0.45.0 | 251.17 | NOTE | |||
r-devel-windows-x86_64 | 0.45.0 | 12.00 | 618.00 | 630.00 | NOTE | |
r-patched-linux-x86_64 | 0.45.0 | 15.36 | 174.64 | 190.00 | OK | |
r-release-linux-x86_64 | 0.45.0 | 11.83 | 177.28 | 189.11 | OK | |
r-release-macos-arm64 | 0.45.0 | 97.00 | OK | |||
r-release-macos-x86_64 | 0.45.0 | 143.00 | OK | |||
r-release-windows-x86_64 | 0.45.0 | 18.00 | 853.00 | 871.00 | OK | |
r-oldrel-macos-arm64 | 0.45.0 | 90.00 | OK | |||
r-oldrel-macos-x86_64 | 0.45.0 | 119.00 | OK | |||
r-oldrel-windows-x86_64 | 0.45.0 | 19.00 | 915.00 | 934.00 | OK |
Version: 0.45.0
Check: Rd \usage sections
Result: NOTE
Documented arguments not in \usage in Rd file '000-LB-.RspDocument.Rd':
‘...’
Documented arguments not in \usage in Rd file 'RspEvalDirective.Rd':
‘attributes’
Documented arguments not in \usage in Rd file 'RspExpression.Rd':
‘object’
Documented arguments not in \usage in Rd file 'RspIncludeDirective.Rd':
‘attributes’
Documented arguments not in \usage in Rd file 'buildNonSweaveVignette.Rd':
‘pathname’
Documented arguments not in \usage in Rd file 'buildNonSweaveVignettes.Rd':
‘path’ ‘pattern’
Documented arguments not in \usage in Rd file 'exprToCode.RspSourceCodeFactory.Rd':
‘expr’
Documented arguments not in \usage in Rd file 'getContent.RspText.Rd':
‘unescaped’
Documented arguments not in \usage in Rd file 'toSourceCode.RspSourceCodeFactory.Rd':
‘expr’
Documented arguments not in \usage in Rd file 'trim.RspDocument.Rd':
‘envir’
Documented arguments not in \usage in Rd file 'writeResponse.RspResponse.Rd':
‘collapse’ ‘sep’
Functions with \usage entries need to have the appropriate \alias
entries, and all their arguments documented.
The \usage entries must correspond to syntactically valid R code.
See chapter ‘Writing R documentation files’ in the ‘Writing R
Extensions’ manual.
Flavors: r-devel-linux-x86_64-debian-clang, r-devel-linux-x86_64-debian-gcc, r-devel-linux-x86_64-fedora-clang, r-devel-linux-x86_64-fedora-gcc, r-devel-windows-x86_64