Last updated on 2023-12-06 18:52:55 CET.
Flavor | Version | Tinstall | Tcheck | Ttotal | Status | Flags |
---|---|---|---|---|---|---|
r-devel-linux-x86_64-debian-clang | 1.25.0 | 8.69 | 88.29 | 96.98 | NOTE | |
r-devel-linux-x86_64-debian-gcc | 1.25.0 | 8.37 | 67.13 | 75.50 | NOTE | |
r-devel-linux-x86_64-fedora-clang | 1.25.0 | 121.21 | NOTE | |||
r-devel-linux-x86_64-fedora-gcc | 1.25.0 | 128.35 | NOTE | |||
r-devel-windows-x86_64 | 1.25.0 | 15.00 | 112.00 | 127.00 | NOTE | |
r-patched-linux-x86_64 | 1.25.0 | 15.03 | 86.79 | 101.82 | OK | |
r-release-linux-x86_64 | 1.25.0 | 10.20 | 86.27 | 96.47 | OK | |
r-release-macos-arm64 | 1.25.0 | 46.00 | OK | |||
r-release-macos-x86_64 | 1.25.0 | 71.00 | OK | |||
r-release-windows-x86_64 | 1.25.0 | 16.00 | 129.00 | 145.00 | OK | |
r-oldrel-macos-arm64 | 1.25.0 | 44.00 | OK | |||
r-oldrel-macos-x86_64 | 1.25.0 | 57.00 | OK | |||
r-oldrel-windows-x86_64 | 1.25.0 | 94.00 | 144.00 | 238.00 | OK |
Version: 1.25.0
Check: Rd \usage sections
Result: NOTE
Documented arguments not in \usage in Rd file 'DOLLAR.Class.Rd':
‘...’
Documented arguments not in \usage in Rd file 'DOLLARLT_-.Class.Rd':
‘...’
Documented arguments not in \usage in Rd file 'getMethods.Class.Rd':
‘unqiue’
Functions with \usage entries need to have the appropriate \alias
entries, and all their arguments documented.
The \usage entries must correspond to syntactically valid R code.
See chapter ‘Writing R documentation files’ in the ‘Writing R
Extensions’ manual.
Flavors: r-devel-linux-x86_64-debian-clang, r-devel-linux-x86_64-debian-gcc, r-devel-linux-x86_64-fedora-clang, r-devel-linux-x86_64-fedora-gcc, r-devel-windows-x86_64