Last updated on 2023-12-06 18:52:55 CET.
Flavor | Version | Tinstall | Tcheck | Ttotal | Status | Flags |
---|---|---|---|---|---|---|
r-devel-linux-x86_64-debian-clang | 0.10.0 | 3.12 | 46.39 | 49.51 | NOTE | |
r-devel-linux-x86_64-debian-gcc | 0.10.0 | 2.85 | 36.70 | 39.55 | NOTE | |
r-devel-linux-x86_64-fedora-clang | 0.10.0 | 64.00 | NOTE | |||
r-devel-linux-x86_64-fedora-gcc | 0.10.0 | 60.73 | NOTE | |||
r-devel-windows-x86_64 | 0.10.0 | 5.00 | 153.00 | 158.00 | NOTE | |
r-patched-linux-x86_64 | 0.10.0 | 4.64 | 46.16 | 50.80 | OK | |
r-release-linux-x86_64 | 0.10.0 | 4.41 | 44.93 | 49.34 | OK | |
r-release-macos-arm64 | 0.10.0 | 24.00 | OK | |||
r-release-macos-x86_64 | 0.10.0 | 59.00 | OK | |||
r-release-windows-x86_64 | 0.10.0 | 6.00 | 186.00 | 192.00 | OK | |
r-oldrel-macos-arm64 | 0.10.0 | 25.00 | OK | |||
r-oldrel-macos-x86_64 | 0.10.0 | 34.00 | OK | |||
r-oldrel-windows-x86_64 | 0.10.0 | 7.00 | 157.00 | 164.00 | OK |
Version: 0.10.0
Check: Rd \usage sections
Result: NOTE
Documented arguments not in \usage in Rd file 'dimnames.AbstractFileArray.Rd':
‘...’
Documented arguments not in \usage in Rd file 'length.AbstractFileArray.Rd':
‘...’
Documented arguments not in \usage in Rd file 'readContiguousValues.AbstractFileArray.Rd':
‘length’
Functions with \usage entries need to have the appropriate \alias
entries, and all their arguments documented.
The \usage entries must correspond to syntactically valid R code.
See chapter ‘Writing R documentation files’ in the ‘Writing R
Extensions’ manual.
Flavors: r-devel-linux-x86_64-debian-clang, r-devel-linux-x86_64-debian-gcc, r-devel-linux-x86_64-fedora-clang, r-devel-linux-x86_64-fedora-gcc, r-devel-windows-x86_64