CRAN Package Check Results for Package R.filesets

Last updated on 2023-12-06 16:53:22 CET.

Flavor Version Tinstall Tcheck Ttotal Status Flags
r-devel-linux-x86_64-debian-clang 2.15.0 8.97 128.08 137.05 NOTE
r-devel-linux-x86_64-debian-gcc 2.15.0 7.39 98.49 105.88 NOTE
r-devel-linux-x86_64-fedora-clang 2.15.0 167.20 NOTE
r-devel-linux-x86_64-fedora-gcc 2.15.0 171.79 NOTE
r-devel-windows-x86_64 2.15.0 9.00 541.00 550.00 NOTE
r-patched-linux-x86_64 2.15.0 11.25 124.95 136.20 OK
r-release-linux-x86_64 2.15.0 7.49 125.23 132.72 OK
r-release-macos-arm64 2.15.0 57.00 OK
r-release-macos-x86_64 2.15.0 92.00 OK
r-release-windows-x86_64 2.15.0 11.00 1060.00 1071.00 OK
r-oldrel-macos-arm64 2.15.0 53.00 OK
r-oldrel-macos-x86_64 2.15.0 68.00 OK
r-oldrel-windows-x86_64 2.15.0 11.00 378.00 389.00 OK

Check Details

Version: 2.15.0
Check: Rd files
Result: NOTE checkRd: (-1) GenericDataFile.Rd:87-88: Lost braces in \itemize; meant \describe ? checkRd: (-1) GenericDataFile.Rd:89: Lost braces in \itemize; meant \describe ? checkRd: (-1) GenericDataFile.Rd:90: Lost braces in \itemize; meant \describe ? checkRd: (-1) GenericDataFile.Rd:91: Lost braces in \itemize; meant \describe ? checkRd: (-1) GenericDataFile.Rd:92: Lost braces in \itemize; meant \describe ? Flavors: r-devel-linux-x86_64-debian-clang, r-devel-linux-x86_64-debian-gcc

Version: 2.15.0
Check: Rd \usage sections
Result: NOTE Documented arguments not in \usage in Rd file 'compareChecksum.GenericDataFile.Rd': ‘verbose’ Documented arguments not in \usage in Rd file 'dim.GenericTabularFile.Rd': ‘...’ Documented arguments not in \usage in Rd file 'dsApplyInPairs.GenericDataFileSet.Rd': ‘ds’ Documented arguments not in \usage in Rd file 'fromFile.GenericDataFile.Rd': ‘unknown’ Documented arguments not in \usage in Rd file 'gzip.GenericDataFile.Rd': ‘verbose’ Documented arguments not in \usage in Rd file 'readChecksum.ChecksumFile.Rd': ‘verbose’ Documented arguments not in \usage in Rd file 'writeChecksum.GenericDataFile.Rd': ‘verbose’ Functions with \usage entries need to have the appropriate \alias entries, and all their arguments documented. The \usage entries must correspond to syntactically valid R code. See chapter ‘Writing R documentation files’ in the ‘Writing R Extensions’ manual. Flavors: r-devel-linux-x86_64-debian-clang, r-devel-linux-x86_64-debian-gcc, r-devel-linux-x86_64-fedora-clang, r-devel-linux-x86_64-fedora-gcc, r-devel-windows-x86_64