Last updated on 2023-12-06 18:52:55 CET.
Flavor | Version | Tinstall | Tcheck | Ttotal | Status | Flags |
---|---|---|---|---|---|---|
r-devel-linux-x86_64-debian-clang | 0.16.0 | 3.78 | 42.89 | 46.67 | NOTE | |
r-devel-linux-x86_64-debian-gcc | 0.16.0 | 2.62 | 33.87 | 36.49 | NOTE | |
r-devel-linux-x86_64-fedora-clang | 0.16.0 | 58.09 | OK | |||
r-devel-linux-x86_64-fedora-gcc | 0.16.0 | 55.42 | OK | |||
r-devel-windows-x86_64 | 0.16.0 | 5.00 | 182.00 | 187.00 | OK | |
r-patched-linux-x86_64 | 0.16.0 | 4.12 | 42.86 | 46.98 | OK | |
r-release-linux-x86_64 | 0.16.0 | 3.82 | 42.52 | 46.34 | OK | |
r-release-macos-arm64 | 0.16.0 | 40.00 | OK | |||
r-release-macos-x86_64 | 0.16.0 | 47.00 | OK | |||
r-release-windows-x86_64 | 0.16.0 | 5.00 | 480.00 | 485.00 | OK | |
r-oldrel-macos-arm64 | 0.16.0 | 36.00 | OK | |||
r-oldrel-macos-x86_64 | 0.16.0 | 48.00 | OK | |||
r-oldrel-windows-x86_64 | 0.16.0 | 5.00 | 249.00 | 254.00 | OK |
Version: 0.16.0
Check: Rd files
Result: NOTE
checkRd: (-1) R.cache-package.Rd:28-30: Lost braces in \itemize; meant \describe ?
checkRd: (-1) R.cache-package.Rd:31-34: Lost braces in \itemize; meant \describe ?
Flavors: r-devel-linux-x86_64-debian-clang, r-devel-linux-x86_64-debian-gcc