CRAN Package Check Results for Package Quartet

Last updated on 2019-09-21 17:46:58 CEST.

Flavor Version Tinstall Tcheck Ttotal Status Flags
r-devel-linux-x86_64-debian-clang 1.0.2 83.43 174.59 258.02 OK
r-devel-linux-x86_64-debian-gcc 1.0.2 62.57 137.05 199.62 OK
r-devel-linux-x86_64-fedora-clang 1.0.2 363.33 WARN
r-devel-linux-x86_64-fedora-gcc 1.0.2 336.23 OK
r-devel-windows-ix86+x86_64 1.0.2 221.00 349.00 570.00 OK
r-patched-linux-x86_64 1.0.2 68.52 168.42 236.94 OK
r-patched-solaris-x86 1.0.2 359.40 OK
r-release-linux-x86_64 1.0.2 66.96 171.38 238.34 OK
r-release-windows-ix86+x86_64 1.0.2 140.00 348.00 488.00 OK
r-release-osx-x86_64 1.0.2 OK
r-oldrel-windows-ix86+x86_64 1.0.2 138.00 330.00 468.00 OK
r-oldrel-osx-x86_64 1.0.2 OK

Check Details

Version: 1.0.2
Check: whether package can be installed
Result: WARN
    Found the following significant warnings:
     NewickParser.cpp:20:63: warning: 'ptr_fun<int, int>' is deprecated [-Wdeprecated-declarations]
Flavor: r-devel-linux-x86_64-fedora-clang