CRAN Package Check Results for Package Quartet

Last updated on 2021-07-26 19:49:33 CEST.

Flavor Version Tinstall Tcheck Ttotal Status Flags
r-devel-linux-x86_64-debian-clang 1.2.2 0.70 2.78 3.48 ERROR
r-devel-linux-x86_64-debian-gcc 1.2.2 83.11 112.33 195.44 OK
r-devel-linux-x86_64-fedora-clang 1.2.2 375.68 OK
r-devel-linux-x86_64-fedora-gcc 1.2.2 345.44 OK
r-devel-windows-x86_64 1.2.2 151.00 216.00 367.00 OK
r-devel-windows-x86_64-gcc10-UCRT 1.2.2 OK
r-patched-linux-x86_64 1.2.2 100.87 137.28 238.15 OK
r-patched-solaris-x86 1.2.2 375.80 OK
r-release-linux-x86_64 1.2.2 100.99 136.72 237.71 OK
r-release-macos-arm64 1.2.2 OK
r-release-macos-x86_64 1.2.2 OK
r-release-windows-ix86+x86_64 1.2.2 275.00 281.00 556.00 OK
r-oldrel-macos-x86_64 1.2.2 OK
r-oldrel-windows-ix86+x86_64 1.2.2 205.00 287.00 492.00 OK

Check Details

Version: 1.2.2
Check: package dependencies
Result: ERROR
    Package required but not available: 'TreeTools'
    
    Package suggested but not available for checking: 'phangorn'
    
    See section 'The DESCRIPTION file' in the 'Writing R Extensions'
    manual.
Flavor: r-devel-linux-x86_64-debian-clang