CRAN Package Check Results for Package Quartet

Last updated on 2020-10-27 20:47:48 CET.

Flavor Version Tinstall Tcheck Ttotal Status Flags
r-devel-linux-x86_64-debian-clang 1.2.0 129.22 130.00 259.22 OK
r-devel-linux-x86_64-debian-gcc 1.2.0 90.36 101.40 191.76 OK
r-devel-linux-x86_64-fedora-clang 1.2.0 363.68 NOTE
r-devel-linux-x86_64-fedora-gcc 1.2.0 343.93 OK
r-devel-windows-ix86+x86_64 1.2.0 283.00 282.00 565.00 OK
r-patched-linux-x86_64 1.2.0 OK
r-patched-solaris-x86 1.2.0 360.10 OK
r-release-linux-x86_64 1.2.0 111.49 124.93 236.42 OK
r-release-macos-x86_64 1.2.0 OK
r-release-windows-ix86+x86_64 1.2.0 187.00 205.00 392.00 OK
r-oldrel-macos-x86_64 1.2.0 OK
r-oldrel-windows-ix86+x86_64 1.2.0 175.00 229.00 404.00 OK

Check Details

Version: 1.2.0
Check: installed package size
Result: NOTE
     installed size is 5.1Mb
     sub-directories of 1Mb or more:
     libs 4.2Mb
Flavor: r-devel-linux-x86_64-fedora-clang