CRAN Package Check Results for Package Quartet

Last updated on 2019-11-21 18:48:25 CET.

Flavor Version Tinstall Tcheck Ttotal Status Flags
r-devel-linux-x86_64-debian-clang 1.0.2 98.58 180.22 278.80 OK
r-devel-linux-x86_64-debian-gcc 1.0.2 66.51 144.73 211.24 OK
r-devel-linux-x86_64-fedora-clang 1.0.2 372.55 WARN
r-devel-linux-x86_64-fedora-gcc 1.0.2 350.17 OK
r-devel-windows-ix86+x86_64 1.0.2 262.00 464.00 726.00 OK
r-devel-windows-ix86+x86_64-gcc8 1.0.2 206.00 284.00 490.00 OK
r-patched-linux-x86_64 1.0.2 68.72 171.09 239.81 OK
r-patched-solaris-x86 1.0.2 358.30 OK
r-release-linux-x86_64 1.0.2 70.52 172.21 242.73 OK
r-release-windows-ix86+x86_64 1.0.2 225.00 470.00 695.00 OK
r-release-osx-x86_64 1.0.2 OK
r-oldrel-windows-ix86+x86_64 1.0.2 156.00 461.00 617.00 OK
r-oldrel-osx-x86_64 1.0.2 OK

Check Details

Version: 1.0.2
Check: whether package can be installed
Result: WARN
    Found the following significant warnings:
     NewickParser.cpp:20:63: warning: 'ptr_fun<int, int>' is deprecated [-Wdeprecated-declarations]
Flavor: r-devel-linux-x86_64-fedora-clang