CRAN Package Check Results for Package QDiabetes

Last updated on 2023-03-25 02:49:17 CET.

Flavor Version Tinstall Tcheck Ttotal Status Flags
r-devel-linux-x86_64-debian-clang 1.0-2 55.03 136.17 191.20 OK
r-devel-linux-x86_64-debian-gcc 1.0-2 46.64 108.39 155.03 OK
r-devel-linux-x86_64-fedora-clang 1.0-2 254.98 OK
r-devel-linux-x86_64-fedora-gcc 1.0-2 259.64 OK
r-devel-windows-x86_64 1.0-2 59.00 169.00 228.00 OK
r-patched-linux-x86_64 1.0-2 52.65 123.86 176.51 OK
r-release-linux-x86_64 1.0-2 52.57 125.70 178.27 OK
r-release-macos-arm64 1.0-2 73.00 NOTE
r-release-macos-x86_64 1.0-2 101.00 OK
r-release-windows-x86_64 1.0-2 63.00 151.00 214.00 OK
r-oldrel-macos-arm64 1.0-2 87.00 NOTE
r-oldrel-macos-x86_64 1.0-2 161.00 OK
r-oldrel-windows-ix86+x86_64 1.0-2 87.00 154.00 241.00 OK

Check Details

Version: 1.0-2
Check: installed package size
Result: NOTE
     installed size is 5.3Mb
     sub-directories of 1Mb or more:
     R 5.1Mb
Flavors: r-release-macos-arm64, r-oldrel-macos-arm64